Last updated on 2025-04-30 04:50:11 CEST.
Flavor | Version | Tinstall | Tcheck | Ttotal | Status | Flags |
---|---|---|---|---|---|---|
r-devel-linux-x86_64-debian-clang | 2.36 | 50.64 | 93.77 | 144.41 | NOTE | |
r-devel-linux-x86_64-debian-gcc | 2.36 | 37.03 | 63.65 | 100.68 | NOTE | |
r-devel-linux-x86_64-fedora-clang | 2.36 | 235.23 | OK | |||
r-devel-linux-x86_64-fedora-gcc | 2.36 | 209.42 | OK | |||
r-devel-windows-x86_64 | 2.36 | 85.00 | 114.00 | 199.00 | OK | |
r-patched-linux-x86_64 | 2.36 | 50.83 | 88.17 | 139.00 | OK | |
r-release-linux-x86_64 | 2.36 | 47.58 | 89.20 | 136.78 | OK | |
r-release-macos-arm64 | 2.36 | 65.00 | OK | |||
r-release-macos-x86_64 | 2.36 | 116.00 | OK | |||
r-release-windows-x86_64 | 2.36 | 83.00 | 119.00 | 202.00 | OK | |
r-oldrel-macos-arm64 | 2.36 | 66.00 | OK | |||
r-oldrel-macos-x86_64 | 2.36 | 85.00 | OK | |||
r-oldrel-windows-x86_64 | 2.36 | 94.00 | 137.00 | 231.00 | OK |
Version: 2.36
Check: CRAN incoming feasibility
Result: NOTE
Maintainer: ‘Jarrod Hadfield <j.hadfield@ed.ac.uk>’
No Authors@R field in DESCRIPTION.
Please add one, modifying
Authors@R: person(given = "Jarrod",
family = "Hadfield",
role = c("aut", "cre"),
email = "j.hadfield@ed.ac.uk")
as necessary.
Flavors: r-devel-linux-x86_64-debian-clang, r-devel-linux-x86_64-debian-gcc