Last updated on 2025-11-04 03:50:56 CET.
| Flavor | Version | Tinstall | Tcheck | Ttotal | Status | Flags | 
|---|---|---|---|---|---|---|
| r-devel-linux-x86_64-debian-clang | 1.0 | 1.80 | 22.40 | 24.20 | NOTE | |
| r-devel-linux-x86_64-debian-gcc | 1.0 | 1.37 | 18.04 | 19.41 | NOTE | |
| r-devel-linux-x86_64-fedora-clang | 1.0 | 38.16 | OK | |||
| r-devel-linux-x86_64-fedora-gcc | 1.0 | 34.39 | OK | |||
| r-devel-windows-x86_64 | 1.0 | 3.00 | 40.00 | 43.00 | OK | |
| r-patched-linux-x86_64 | 1.0 | 1.93 | 21.33 | 23.26 | OK | |
| r-release-linux-x86_64 | 1.0 | 1.84 | 21.32 | 23.16 | OK | |
| r-release-macos-arm64 | 1.0 | 1.00 | 18.00 | 19.00 | OK | |
| r-release-macos-x86_64 | 1.0 | 2.00 | 24.00 | 26.00 | OK | |
| r-release-windows-x86_64 | 1.0 | 3.00 | 39.00 | 42.00 | OK | |
| r-oldrel-macos-arm64 | 1.0 | 1.00 | 15.00 | 16.00 | NOTE | |
| r-oldrel-macos-x86_64 | 1.0 | 2.00 | 20.00 | 22.00 | NOTE | |
| r-oldrel-windows-x86_64 | 1.0 | 2.00 | 43.00 | 45.00 | NOTE | 
Version: 1.0
Check: CRAN incoming feasibility
Result: NOTE
  Maintainer: ‘Ahmed N. Albatineh <aalbatineh@hsc.edu.kw>’
  
  No Authors@R field in DESCRIPTION.
  Please add one, modifying
    Authors@R: c(person(given = c("Ahmed", "N."),
                        family = "Albatineh",
                        role = c("aut", "cre"),
                        email = "aalbatineh@hsc.edu.kw"),
                 person(given = c("Meredith", "L."),
                        family = "Wilcox",
                        role = "aut"),
                 person(given = "Bashar",
                        family = "Zogheib",
                        role = "aut"),
                 person(given = "Magdalena",
                        family = "Niewiadomska-Bugaj",
                        role = "aut"))
  as necessary.
Flavors: r-devel-linux-x86_64-debian-clang, r-devel-linux-x86_64-debian-gcc
Version: 1.0
Check: LazyData
Result: NOTE
    'LazyData' is specified without a 'data' directory
Flavors: r-oldrel-macos-arm64, r-oldrel-macos-x86_64, r-oldrel-windows-x86_64