Last updated on 2025-04-30 04:50:11 CEST.
Flavor | Version | Tinstall | Tcheck | Ttotal | Status | Flags |
---|---|---|---|---|---|---|
r-devel-linux-x86_64-debian-clang | 0.2.3 | 15.72 | 82.01 | 97.73 | NOTE | |
r-devel-linux-x86_64-debian-gcc | 0.2.3 | 10.14 | 56.84 | 66.98 | NOTE | |
r-devel-linux-x86_64-fedora-clang | 0.2.3 | 144.01 | OK | |||
r-devel-linux-x86_64-fedora-gcc | 0.2.3 | 130.39 | OK | |||
r-devel-windows-x86_64 | 0.2.3 | 15.00 | 84.00 | 99.00 | OK | |
r-patched-linux-x86_64 | 0.2.3 | 14.56 | 75.28 | 89.84 | OK | |
r-release-linux-x86_64 | 0.2.3 | 13.10 | 75.36 | 88.46 | OK | |
r-release-macos-arm64 | 0.2.3 | 37.00 | OK | |||
r-release-macos-x86_64 | 0.2.3 | 71.00 | OK | |||
r-release-windows-x86_64 | 0.2.3 | 16.00 | 84.00 | 100.00 | OK | |
r-oldrel-macos-arm64 | 0.2.3 | 38.00 | OK | |||
r-oldrel-macos-x86_64 | 0.2.3 | 60.00 | OK | |||
r-oldrel-windows-x86_64 | 0.2.3 | 20.00 | 105.00 | 125.00 | OK |
Version: 0.2.3
Check: CRAN incoming feasibility
Result: NOTE
Maintainer: ‘Alka Benawra <alkabenawra@rogers.com>’
No Authors@R field in DESCRIPTION.
Please add one, modifying
Authors@R: person(given = "Alka",
family = "Benawra",
role = c("aut", "cre"),
email = "alkabenawra@rogers.com")
as necessary.
Flavors: r-devel-linux-x86_64-debian-clang, r-devel-linux-x86_64-debian-gcc