Last updated on 2025-04-30 04:50:11 CEST.
Flavor | Version | Tinstall | Tcheck | Ttotal | Status | Flags |
---|---|---|---|---|---|---|
r-devel-linux-x86_64-debian-clang | 4.0.3 | 7.41 | 60.23 | 67.64 | NOTE | |
r-devel-linux-x86_64-debian-gcc | 4.0.3 | 5.39 | 44.66 | 50.05 | NOTE | |
r-devel-linux-x86_64-fedora-clang | 4.0.3 | 104.68 | NOTE | |||
r-devel-linux-x86_64-fedora-gcc | 4.0.3 | 99.00 | NOTE | |||
r-devel-windows-x86_64 | 4.0.3 | 8.00 | 77.00 | 85.00 | NOTE | |
r-patched-linux-x86_64 | 4.0.3 | 6.41 | 57.00 | 63.41 | NOTE | |
r-release-linux-x86_64 | 4.0.3 | 5.92 | 56.82 | 62.74 | NOTE | |
r-release-macos-arm64 | 4.0.3 | 36.00 | NOTE | |||
r-release-macos-x86_64 | 4.0.3 | 67.00 | NOTE | |||
r-release-windows-x86_64 | 4.0.3 | 7.00 | 78.00 | 85.00 | NOTE | |
r-oldrel-macos-arm64 | 4.0.3 | 32.00 | NOTE | |||
r-oldrel-macos-x86_64 | 4.0.3 | 45.00 | NOTE | |||
r-oldrel-windows-x86_64 | 4.0.3 | 10.00 | 87.00 | 97.00 | NOTE |
Version: 4.0.3
Check: CRAN incoming feasibility
Result: NOTE
Maintainer: ‘Guillaume Chapron <gchapron@carnivoreconservation.org>’
No Authors@R field in DESCRIPTION.
Please add one, modifying
Authors@R: c(person(given = "Iadine",
family = "Chades",
role = "aut"),
person(given = "Guillaume",
family = "Chapron",
role = c("aut", "cre"),
email = "gchapron@carnivoreconservation.org"),
person(given = "Marie-Josee",
family = "Cros",
role = "aut"),
person(given = "Frederick",
family = "Garcia",
role = "aut"),
person(given = "Regis",
family = "Sabbadin",
role = "aut"))
as necessary.
Flavors: r-devel-linux-x86_64-debian-clang, r-devel-linux-x86_64-debian-gcc
Version: 4.0.3
Check: Rd files
Result: NOTE
checkRd: (-1) mdp_example_forest.Rd:36: Lost braces; missing escapes or markup?
36 | Let {1, ... S} be the states of the forest. the Sth state being the oldest.
| ^
Flavors: r-devel-linux-x86_64-debian-clang, r-devel-linux-x86_64-debian-gcc, r-devel-linux-x86_64-fedora-clang, r-devel-linux-x86_64-fedora-gcc, r-devel-windows-x86_64, r-patched-linux-x86_64, r-release-linux-x86_64, r-release-macos-arm64, r-release-macos-x86_64, r-release-windows-x86_64, r-oldrel-macos-arm64, r-oldrel-macos-x86_64, r-oldrel-windows-x86_64
Version: 4.0.3
Check: examples
Result: NOTE
Examples with CPU (user + system) or elapsed time > 5s
user system elapsed
mdp_eval_policy_TD_0 4.72 0.071 6.86
Flavor: r-devel-linux-x86_64-debian-clang