Last updated on 2025-04-30 04:50:11 CEST.
Flavor | Version | Tinstall | Tcheck | Ttotal | Status | Flags |
---|---|---|---|---|---|---|
r-devel-linux-x86_64-debian-clang | 1.4.2 | 16.02 | 116.37 | 132.39 | NOTE | |
r-devel-linux-x86_64-debian-gcc | 1.4.2 | 10.65 | 81.20 | 91.85 | OK | |
r-devel-linux-x86_64-fedora-clang | 1.4.2 | 205.69 | OK | |||
r-devel-linux-x86_64-fedora-gcc | 1.4.2 | 209.36 | OK | |||
r-devel-windows-x86_64 | 1.4.2 | 17.00 | 122.00 | 139.00 | OK | |
r-patched-linux-x86_64 | 1.4.2 | 16.59 | 110.53 | 127.12 | OK | |
r-release-linux-x86_64 | 1.4.2 | 13.39 | 109.60 | 122.99 | OK | |
r-release-macos-arm64 | 1.4.2 | 77.00 | OK | |||
r-release-macos-x86_64 | 1.4.2 | 129.00 | OK | |||
r-release-windows-x86_64 | 1.4.2 | 15.00 | 124.00 | 139.00 | OK | |
r-oldrel-macos-arm64 | 1.4.2 | 107.00 | OK | |||
r-oldrel-macos-x86_64 | 1.4.2 | 199.00 | OK | |||
r-oldrel-windows-x86_64 | 1.4.2 | 20.00 | 152.00 | 172.00 | OK |
Version: 1.4.2
Check: examples
Result: NOTE
Examples with CPU (user + system) or elapsed time > 5s
user system elapsed
dist_freqwH 5.162 0.011 7.249
Flavor: r-devel-linux-x86_64-debian-clang