CRAN Package Check Results for Package MESS

Last updated on 2025-07-05 04:50:19 CEST.

Flavor Version Tinstall Tcheck Ttotal Status Flags
r-devel-linux-x86_64-debian-clang 0.5.12 154.99 122.06 277.05 NOTE
r-devel-linux-x86_64-debian-gcc 0.5.12 102.39 84.89 187.28 NOTE
r-devel-linux-x86_64-fedora-clang 0.5.12 517.83 OK
r-devel-linux-x86_64-fedora-gcc 0.5.12 434.77 OK
r-devel-windows-x86_64 0.5.12 163.00 163.00 326.00 NOTE
r-patched-linux-x86_64 0.5.12 143.86 112.51 256.37 NOTE
r-release-linux-x86_64 0.5.12 138.67 111.07 249.74 NOTE
r-release-macos-arm64 0.5.12 104.00 OK
r-release-macos-x86_64 0.5.12 134.00 OK
r-release-windows-x86_64 0.5.12 167.00 165.00 332.00 NOTE
r-oldrel-macos-arm64 0.5.12 107.00 NOTE
r-oldrel-macos-x86_64 0.5.12 116.00 NOTE
r-oldrel-windows-x86_64 0.5.12 206.00 204.00 410.00 OK

Check Details

Version: 0.5.12
Check: Rd cross-references
Result: NOTE Found the following Rd file(s) with Rd \link{} targets missing package anchors: QIC.Rd: ginv Please provide package anchors for all Rd \link{} targets not in the package itself and the base packages. Flavors: r-devel-linux-x86_64-debian-clang, r-devel-linux-x86_64-debian-gcc, r-devel-windows-x86_64, r-patched-linux-x86_64, r-release-linux-x86_64, r-release-windows-x86_64

Version: 0.5.12
Check: installed package size
Result: NOTE installed size is 8.6Mb sub-directories of 1Mb or more: data 2.7Mb libs 5.4Mb Flavors: r-oldrel-macos-arm64, r-oldrel-macos-x86_64