Last updated on 2025-04-30 04:50:11 CEST.
Flavor | Version | Tinstall | Tcheck | Ttotal | Status | Flags |
---|---|---|---|---|---|---|
r-devel-linux-x86_64-debian-clang | 1.1.1 | 18.38 | 146.44 | 164.82 | NOTE | |
r-devel-linux-x86_64-debian-gcc | 1.1.1 | 10.41 | 99.55 | 109.96 | NOTE | |
r-devel-linux-x86_64-fedora-clang | 1.1.1 | 245.23 | OK | |||
r-devel-linux-x86_64-fedora-gcc | 1.1.1 | 248.28 | OK | |||
r-devel-windows-x86_64 | 1.1.1 | 18.00 | 145.00 | 163.00 | OK | |
r-patched-linux-x86_64 | 1.1.1 | 17.16 | 135.84 | 153.00 | OK | |
r-release-linux-x86_64 | 1.1.1 | 15.26 | 137.84 | 153.10 | OK | |
r-release-macos-arm64 | 1.1.1 | 68.00 | OK | |||
r-release-macos-x86_64 | 1.1.1 | 131.00 | OK | |||
r-release-windows-x86_64 | 1.1.1 | 21.00 | 143.00 | 164.00 | OK | |
r-oldrel-macos-arm64 | 1.1.1 | 64.00 | OK | |||
r-oldrel-macos-x86_64 | 1.1.1 | 91.00 | OK | |||
r-oldrel-windows-x86_64 | 1.1.1 | 24.00 | 181.00 | 205.00 | OK |
Version: 1.1.1
Check: examples
Result: NOTE
Examples with CPU (user + system) or elapsed time > 5s
user system elapsed
MFggplot 9.947 0.898 12.658
Flavor: r-devel-linux-x86_64-debian-clang
Version: 1.1.1
Check: examples
Result: NOTE
Examples with CPU (user + system) or elapsed time > 5s
user system elapsed
MFggplot 5.858 0.953 7.124
Flavor: r-devel-linux-x86_64-debian-gcc