CRAN Package Check Results for Package MFDFA

Last updated on 2025-04-30 04:50:11 CEST.

Flavor Version Tinstall Tcheck Ttotal Status Flags
r-devel-linux-x86_64-debian-clang 1.1 1.80 29.43 31.23 NOTE
r-devel-linux-x86_64-debian-gcc 1.1 1.47 21.41 22.88 OK
r-devel-linux-x86_64-fedora-clang 1.1 50.51 OK
r-devel-linux-x86_64-fedora-gcc 1.1 47.38 OK
r-devel-windows-x86_64 1.1 2.00 50.00 52.00 OK
r-patched-linux-x86_64 1.1 1.96 28.38 30.34 OK
r-release-linux-x86_64 1.1 1.77 28.32 30.09 OK
r-release-macos-arm64 1.1 33.00 OK
r-release-macos-x86_64 1.1 31.00 OK
r-release-windows-x86_64 1.1 2.00 51.00 53.00 OK
r-oldrel-macos-arm64 1.1 17.00 NOTE
r-oldrel-macos-x86_64 1.1 26.00 NOTE
r-oldrel-windows-x86_64 1.1 2.00 52.00 54.00 NOTE

Check Details

Version: 1.1
Check: examples
Result: NOTE Examples with CPU (user + system) or elapsed time > 5s user system elapsed MFDFA 5.604 0.007 6.456 MFsim 5.535 0.000 6.507 Flavor: r-devel-linux-x86_64-debian-clang

Version: 1.1
Check: LazyData
Result: NOTE 'LazyData' is specified without a 'data' directory Flavors: r-oldrel-macos-arm64, r-oldrel-macos-x86_64, r-oldrel-windows-x86_64