Last updated on 2025-04-30 04:50:11 CEST.
Flavor | Version | Tinstall | Tcheck | Ttotal | Status | Flags |
---|---|---|---|---|---|---|
r-devel-linux-x86_64-debian-clang | 1.0.7 | 3.43 | 29.63 | 33.06 | NOTE | |
r-devel-linux-x86_64-debian-gcc | 1.0.7 | 2.29 | 22.34 | 24.63 | NOTE | |
r-devel-linux-x86_64-fedora-clang | 1.0.7 | 50.39 | OK | |||
r-devel-linux-x86_64-fedora-gcc | 1.0.7 | 49.14 | OK | |||
r-devel-windows-x86_64 | 1.0.7 | 6.00 | 57.00 | 63.00 | OK | |
r-patched-linux-x86_64 | 1.0.7 | 4.18 | 27.85 | 32.03 | OK | |
r-release-linux-x86_64 | 1.0.7 | 3.10 | 27.82 | 30.92 | OK | |
r-release-macos-arm64 | 1.0.7 | 21.00 | OK | |||
r-release-macos-x86_64 | 1.0.7 | 32.00 | OK | |||
r-release-windows-x86_64 | 1.0.7 | 5.00 | 56.00 | 61.00 | OK | |
r-oldrel-macos-arm64 | 1.0.7 | 17.00 | OK | |||
r-oldrel-macos-x86_64 | 1.0.7 | 27.00 | OK | |||
r-oldrel-windows-x86_64 | 1.0.7 | 5.00 | 57.00 | 62.00 | OK |
Version: 1.0.7
Check: CRAN incoming feasibility
Result: NOTE
Maintainer: ‘William H. Asquith <wasquith@usgs.gov>’
No Authors@R field in DESCRIPTION.
Please add one, modifying
Authors@R: c(person(given = c("William", "H."),
family = "Asquith",
role = c("aut", "cre"),
email = "wasquith@usgs.gov"),
person(given = c("John", "F."),
family = "England",
role = c("aut", "ctb")),
person(given = c("George", "R."),
family = "Herrmann",
role = "ctb"))
as necessary.
Flavors: r-devel-linux-x86_64-debian-clang, r-devel-linux-x86_64-debian-gcc