CRAN Package Check Results for Package MGDrivE

Last updated on 2025-04-30 04:50:11 CEST.

Flavor Version Tinstall Tcheck Ttotal Status Flags
r-devel-linux-x86_64-debian-clang 1.6.0 45.96 251.81 297.77 NOTE
r-devel-linux-x86_64-debian-gcc 1.6.0 30.39 154.92 185.31 NOTE
r-devel-linux-x86_64-fedora-clang 1.6.0 497.75 NOTE
r-devel-linux-x86_64-fedora-gcc 1.6.0 502.77 NOTE
r-devel-windows-x86_64 1.6.0 49.00 276.00 325.00 NOTE
r-patched-linux-x86_64 1.6.0 47.39 241.65 289.04 NOTE
r-release-linux-x86_64 1.6.0 45.13 240.36 285.49 NOTE
r-release-macos-arm64 1.6.0 123.00 NOTE
r-release-macos-x86_64 1.6.0 241.00 NOTE
r-release-windows-x86_64 1.6.0 51.00 299.00 350.00 NOTE
r-oldrel-macos-arm64 1.6.0 109.00 NOTE
r-oldrel-macos-x86_64 1.6.0 197.00 NOTE
r-oldrel-windows-x86_64 1.6.0 59.00 369.00 428.00 NOTE

Check Details

Version: 1.6.0
Check: CRAN incoming feasibility
Result: NOTE Maintainer: ‘Héctor Manuel Sánchez Castellanos <sanchez.hmsc@berkeley.edu>’ Package CITATION file contains call(s) to old-style personList() or as.personList(). Please use c() on person objects instead. Package CITATION file contains call(s) to old-style citEntry(). Please use bibentry() instead. Found the following URLs which should use \doi (with the DOI name only): File ‘cubeClvR.Rd’: https://doi.org/10.1073/pnas.1921698117 File ‘cubeClvR2.Rd’: https://doi.org/10.1101/2020.07.09.196253 File ‘cubeECHACR.Rd’: https://doi.org/10.1016/j.molcel.2020.09.003 File ‘cubeECHACRX.Rd’: https://doi.org/10.1016/j.molcel.2020.09.003 Flavors: r-devel-linux-x86_64-debian-clang, r-devel-linux-x86_64-debian-gcc

Version: 1.6.0
Check: Rd files
Result: NOTE checkRd: (-1) calcQuantiles.Rd:52: Lost braces; missing escapes or markup? 52 | {M/F}\emph{Mean}(patchNum).csv and {M/F}\emph{Quantile}(quantNum)_(patchNum).csv. | ^ checkRd: (-1) calcQuantiles.Rd:52: Lost braces; missing escapes or markup? 52 | {M/F}\emph{Mean}(patchNum).csv and {M/F}\emph{Quantile}(quantNum)_(patchNum).csv. | ^ Flavors: r-devel-linux-x86_64-debian-clang, r-devel-linux-x86_64-debian-gcc, r-devel-linux-x86_64-fedora-clang, r-devel-linux-x86_64-fedora-gcc, r-devel-windows-x86_64, r-patched-linux-x86_64, r-release-linux-x86_64, r-release-macos-arm64, r-release-macos-x86_64, r-release-windows-x86_64, r-oldrel-macos-arm64, r-oldrel-macos-x86_64, r-oldrel-windows-x86_64

Version: 1.6.0
Check: Rd cross-references
Result: NOTE Found the following Rd file(s) with Rd \link{} targets missing package anchors: Network.Rd: R6Class Patch.Rd: R6Class Please provide package anchors for all Rd \link{} targets not in the package itself and the base packages. Flavors: r-devel-linux-x86_64-debian-clang, r-devel-linux-x86_64-debian-gcc, r-devel-windows-x86_64, r-patched-linux-x86_64, r-release-linux-x86_64, r-release-windows-x86_64