Last updated on 2025-04-30 04:50:11 CEST.
Flavor | Version | Tinstall | Tcheck | Ttotal | Status | Flags |
---|---|---|---|---|---|---|
r-devel-linux-x86_64-debian-clang | 1.0.1.1 | 32.69 | 43.31 | 76.00 | NOTE | |
r-devel-linux-x86_64-debian-gcc | 1.0.1.1 | 23.76 | 31.53 | 55.29 | OK | |
r-devel-linux-x86_64-fedora-clang | 1.0.1.1 | 137.62 | OK | |||
r-devel-linux-x86_64-fedora-gcc | 1.0.1.1 | 141.76 | OK | |||
r-devel-windows-x86_64 | 1.0.1.1 | 39.00 | 84.00 | 123.00 | OK | |
r-patched-linux-x86_64 | 1.0.1.1 | 31.59 | 41.30 | 72.89 | OK | |
r-release-linux-x86_64 | 1.0.1.1 | 34.36 | 40.95 | 75.31 | OK | |
r-release-macos-arm64 | 1.0.1.1 | 56.00 | OK | |||
r-release-macos-x86_64 | 1.0.1.1 | 69.00 | OK | |||
r-release-windows-x86_64 | 1.0.1.1 | 41.00 | 95.00 | 136.00 | OK | |
r-oldrel-macos-arm64 | 1.0.1.1 | 44.00 | OK | |||
r-oldrel-macos-x86_64 | 1.0.1.1 | 56.00 | OK | |||
r-oldrel-windows-x86_64 | 1.0.1.1 | 45.00 | 105.00 | 150.00 | OK |
Version: 1.0.1.1
Check: examples
Result: NOTE
Examples with CPU (user + system) or elapsed time > 5s
user system elapsed
ClustQual 3.832 0.089 5.545
Flavor: r-devel-linux-x86_64-debian-clang