CRAN Package Check Results for Package MGMS2

Last updated on 2025-04-30 04:50:11 CEST.

Flavor Version Tinstall Tcheck Ttotal Status Flags
r-devel-linux-x86_64-debian-clang 1.0.2 3.62 48.55 52.17 OK
r-devel-linux-x86_64-debian-gcc 1.0.2 2.78 39.48 42.26 OK
r-devel-linux-x86_64-fedora-clang 1.0.2 78.44 OK
r-devel-linux-x86_64-fedora-gcc 1.0.2 79.64 OK
r-devel-windows-x86_64 1.0.2 5.00 70.00 75.00 OK
r-patched-linux-x86_64 1.0.2 4.04 47.80 51.84 OK
r-release-linux-x86_64 1.0.2 3.66 46.67 50.33 OK
r-release-macos-arm64 1.0.2 33.00 OK
r-release-macos-x86_64 1.0.2 56.00 OK
r-release-windows-x86_64 1.0.2 5.00 75.00 80.00 OK
r-oldrel-macos-arm64 1.0.2 30.00 NOTE
r-oldrel-macos-x86_64 1.0.2 43.00 NOTE
r-oldrel-windows-x86_64 1.0.2 7.00 81.00 88.00 NOTE

Check Details

Version: 1.0.2
Check: LazyData
Result: NOTE 'LazyData' is specified without a 'data' directory Flavors: r-oldrel-macos-arm64, r-oldrel-macos-x86_64, r-oldrel-windows-x86_64