Last updated on 2025-11-03 03:49:47 CET.
| Flavor | Version | Tinstall | Tcheck | Ttotal | Status | Flags |
|---|---|---|---|---|---|---|
| r-devel-linux-x86_64-debian-clang | 1.0.0 | 1.55 | 43.62 | 45.17 | OK | |
| r-devel-linux-x86_64-debian-gcc | 1.0.0 | 2.03 | 35.48 | 37.51 | OK | |
| r-devel-linux-x86_64-fedora-clang | 1.0.0 | 71.34 | NOTE | |||
| r-devel-linux-x86_64-fedora-gcc | 1.0.0 | 13.00 | 79.48 | 92.48 | NOTE | |
| r-devel-windows-x86_64 | 1.0.0 | 4.00 | 66.00 | 70.00 | OK | |
| r-patched-linux-x86_64 | 1.0.0 | 2.58 | 42.04 | 44.62 | OK | |
| r-release-linux-x86_64 | 1.0.0 | 1.97 | 41.74 | 43.71 | OK | |
| r-release-macos-arm64 | 1.0.0 | 1.00 | 46.00 | 47.00 | OK | |
| r-release-macos-x86_64 | 1.0.0 | 2.00 | 66.00 | 68.00 | OK | |
| r-release-windows-x86_64 | 1.0.0 | 4.00 | 64.00 | 68.00 | OK | |
| r-oldrel-macos-arm64 | 1.0.0 | 1.00 | 44.00 | 45.00 | OK | |
| r-oldrel-macos-x86_64 | 1.0.0 | 2.00 | 51.00 | 53.00 | OK | |
| r-oldrel-windows-x86_64 | 1.0.0 | 5.00 | 78.00 | 83.00 | OK |
Version: 1.0.0
Check: dependencies in R code
Result: NOTE
Namespaces in Imports field not imported from:
‘R6’ ‘reticulate’
All declared Imports should be used.
Flavors: r-devel-linux-x86_64-fedora-clang, r-devel-linux-x86_64-fedora-gcc