CRAN Package Check Results for Package MHQoL

Last updated on 2025-04-30 04:50:11 CEST.

Flavor Version Tinstall Tcheck Ttotal Status Flags
r-devel-linux-x86_64-debian-clang 0.14.0 2.73 26.99 29.72 OK
r-devel-linux-x86_64-debian-gcc 0.14.0 2.08 20.51 22.59 OK
r-devel-linux-x86_64-fedora-clang 0.14.0 49.60 NOTE
r-devel-linux-x86_64-fedora-gcc 0.14.0 44.03 NOTE
r-devel-windows-x86_64 0.14.0 5.00 46.00 51.00 OK
r-patched-linux-x86_64 0.14.0 2.14 25.34 27.48 OK
r-release-linux-x86_64 0.14.0 2.75 25.56 28.31 OK
r-release-macos-arm64 0.14.0 20.00 OK
r-release-macos-x86_64 0.14.0 27.00 OK
r-release-windows-x86_64 0.14.0 6.00 48.00 54.00 OK
r-oldrel-macos-arm64 0.14.0 25.00 OK
r-oldrel-macos-x86_64 0.14.0 32.00 OK
r-oldrel-windows-x86_64 0.14.0 5.00 54.00 59.00 OK

Check Details

Version: 0.14.0
Check: dependencies in R code
Result: NOTE Namespaces in Imports field not imported from: ‘DT’ ‘assertthat’ ‘fmsb’ ‘shinyalert’ ‘tidyr’ ‘writexl’ All declared Imports should be used. Flavors: r-devel-linux-x86_64-fedora-clang, r-devel-linux-x86_64-fedora-gcc