Last updated on 2025-04-30 04:50:11 CEST.
Flavor | Version | Tinstall | Tcheck | Ttotal | Status | Flags |
---|---|---|---|---|---|---|
r-devel-linux-x86_64-debian-clang | 1.3.1 | 4.40 | 54.64 | 59.04 | NOTE | |
r-devel-linux-x86_64-debian-gcc | 1.3.1 | 3.44 | 38.29 | 41.73 | NOTE | |
r-devel-linux-x86_64-fedora-clang | 1.3.1 | 92.49 | OK | |||
r-devel-linux-x86_64-fedora-gcc | 1.3.1 | 101.06 | OK | |||
r-devel-windows-x86_64 | 1.3.1 | 7.00 | 75.00 | 82.00 | OK | |
r-patched-linux-x86_64 | 1.3.1 | 5.72 | 50.92 | 56.64 | OK | |
r-release-linux-x86_64 | 1.3.1 | 5.23 | 50.76 | 55.99 | OK | |
r-release-macos-arm64 | 1.3.1 | 52.00 | OK | |||
r-release-macos-x86_64 | 1.3.1 | 55.00 | OK | |||
r-release-windows-x86_64 | 1.3.1 | 7.00 | 68.00 | 75.00 | OK | |
r-oldrel-macos-arm64 | 1.3.1 | 36.00 | OK | |||
r-oldrel-macos-x86_64 | 1.3.1 | 88.00 | OK | |||
r-oldrel-windows-x86_64 | 1.3.1 | 9.00 | 85.00 | 94.00 | OK |
Version: 1.3.1
Check: examples
Result: NOTE
Examples with CPU (user + system) or elapsed time > 5s
user system elapsed
readData 7.161 0.142 9.780
deriveVars 3.298 0.153 5.006
Flavor: r-devel-linux-x86_64-debian-clang
Version: 1.3.1
Check: examples
Result: NOTE
Examples with CPU (user + system) or elapsed time > 5s
user system elapsed
readData 4.096 0.148 5.646
Flavor: r-devel-linux-x86_64-debian-gcc