Last updated on 2025-04-30 04:50:11 CEST.
Flavor | Version | Tinstall | Tcheck | Ttotal | Status | Flags |
---|---|---|---|---|---|---|
r-devel-linux-x86_64-debian-clang | 1.0.2 | 15.27 | 105.23 | 120.50 | NOTE | |
r-devel-linux-x86_64-debian-gcc | 1.0.2 | 11.28 | 72.29 | 83.57 | NOTE | |
r-devel-linux-x86_64-fedora-clang | 1.0.2 | 193.23 | OK | |||
r-devel-linux-x86_64-fedora-gcc | 1.0.2 | 190.57 | OK | |||
r-devel-windows-x86_64 | 1.0.2 | 22.00 | 152.00 | 174.00 | OK | |
r-patched-linux-x86_64 | 1.0.2 | 17.58 | 97.70 | 115.28 | OK | |
r-release-linux-x86_64 | 1.0.2 | 17.14 | 96.38 | 113.52 | OK | |
r-release-macos-arm64 | 1.0.2 | 57.00 | OK | |||
r-release-macos-x86_64 | 1.0.2 | 135.00 | OK | |||
r-release-windows-x86_64 | 1.0.2 | 22.00 | 150.00 | 172.00 | OK | |
r-oldrel-macos-arm64 | 1.0.2 | 61.00 | OK | |||
r-oldrel-macos-x86_64 | 1.0.2 | 131.00 | OK | |||
r-oldrel-windows-x86_64 | 1.0.2 | 26.00 | 196.00 | 222.00 | OK |
Version: 1.0.2
Check: examples
Result: NOTE
Examples with CPU (user + system) or elapsed time > 5s
user system elapsed
plot.mic_validation 6.978 0.209 10.201
genomes_to_kmer_libsvm 4.224 0.424 6.738
Flavor: r-devel-linux-x86_64-debian-clang
Version: 1.0.2
Check: examples
Result: NOTE
Examples with CPU (user + system) or elapsed time > 5s
user system elapsed
plot.mic_validation 4.602 0.138 5.729
Flavor: r-devel-linux-x86_64-debian-gcc