CRAN Package Check Results for Package MIDN

Last updated on 2025-04-30 04:50:11 CEST.

Flavor Version Tinstall Tcheck Ttotal Status Flags
r-devel-linux-x86_64-debian-clang 1.0 1.90 20.67 22.57 NOTE
r-devel-linux-x86_64-debian-gcc 1.0 1.54 16.51 18.05 NOTE
r-devel-linux-x86_64-fedora-clang 1.0 36.17 OK
r-devel-linux-x86_64-fedora-gcc 1.0 34.51 OK
r-devel-windows-x86_64 1.0 3.00 40.00 43.00 OK
r-patched-linux-x86_64 1.0 1.86 20.03 21.89 OK
r-release-linux-x86_64 1.0 1.67 19.80 21.47 OK
r-release-macos-arm64 1.0 21.00 OK
r-release-macos-x86_64 1.0 29.00 OK
r-release-windows-x86_64 1.0 3.00 41.00 44.00 OK
r-oldrel-macos-arm64 1.0 17.00 OK
r-oldrel-macos-x86_64 1.0 26.00 OK
r-oldrel-windows-x86_64 1.0 3.00 41.00 44.00 OK

Check Details

Version: 1.0
Check: CRAN incoming feasibility
Result: NOTE Maintainer: ‘Peter Ziegler <peter.ziegler@zi-mannheim.de>’ No Authors@R field in DESCRIPTION. Please add one, modifying Authors@R: c(person(given = "Stefan", family = "Wellek", role = "aut"), person(given = "Peter", family = "Ziegler", role = c("aut", "cre"), email = "peter.ziegler@zi-mannheim.de")) as necessary. Flavors: r-devel-linux-x86_64-debian-clang, r-devel-linux-x86_64-debian-gcc