Last updated on 2025-02-21 03:52:19 CET.
Flavor | Version | Tinstall | Tcheck | Ttotal | Status | Flags |
---|---|---|---|---|---|---|
r-devel-linux-x86_64-debian-clang | 1.0.3 | 6.42 | 59.71 | 66.13 | NOTE | |
r-devel-linux-x86_64-debian-gcc | 1.0.3 | 4.03 | 38.87 | 42.90 | NOTE | |
r-devel-linux-x86_64-fedora-clang | 1.0.3 | 101.34 | NOTE | |||
r-devel-linux-x86_64-fedora-gcc | 1.0.3 | 91.83 | NOTE | |||
r-devel-macos-arm64 | 1.0.3 | 33.00 | OK | |||
r-devel-macos-x86_64 | 1.0.3 | 56.00 | NOTE | |||
r-devel-windows-x86_64 | 1.0.3 | 8.00 | 72.00 | 80.00 | NOTE | |
r-patched-linux-x86_64 | 1.0.3 | 5.23 | 52.25 | 57.48 | OK | |
r-release-linux-x86_64 | 1.0.3 | 5.74 | 52.48 | 58.22 | OK | |
r-release-macos-arm64 | 1.0.3 | 31.00 | OK | |||
r-release-macos-x86_64 | 1.0.3 | 85.00 | OK | |||
r-release-windows-x86_64 | 1.0.3 | 8.00 | 70.00 | 78.00 | OK | |
r-oldrel-macos-arm64 | 1.0.3 | 37.00 | OK | |||
r-oldrel-macos-x86_64 | 1.0.3 | 60.00 | OK | |||
r-oldrel-windows-x86_64 | 1.0.3 | 9.00 | 90.00 | 99.00 | OK |
Version: 1.0.3
Check: DESCRIPTION meta-information
Result: NOTE
Missing dependency on R >= 4.1.0 because package code uses the pipe
|> or function shorthand \(...) syntax added in R 4.1.0.
File(s) using such syntax:
‘convert_antibiotics.R’
Flavors: r-devel-linux-x86_64-debian-clang, r-devel-linux-x86_64-debian-gcc, r-devel-linux-x86_64-fedora-clang, r-devel-linux-x86_64-fedora-gcc, r-devel-macos-x86_64, r-devel-windows-x86_64