Last updated on 2025-04-30 04:50:11 CEST.
Flavor | Version | Tinstall | Tcheck | Ttotal | Status | Flags |
---|---|---|---|---|---|---|
r-devel-linux-x86_64-debian-clang | 0.11.2 | 4.70 | 66.03 | 70.73 | NOTE | |
r-devel-linux-x86_64-debian-gcc | 0.11.2 | 2.94 | 55.32 | 58.26 | NOTE | |
r-devel-linux-x86_64-fedora-clang | 0.11.2 | 105.68 | OK | |||
r-devel-linux-x86_64-fedora-gcc | 0.11.2 | 106.32 | OK | |||
r-devel-windows-x86_64 | 0.11.2 | 7.00 | 106.00 | 113.00 | OK | |
r-patched-linux-x86_64 | 0.11.2 | 5.35 | 62.02 | 67.37 | OK | |
r-release-linux-x86_64 | 0.11.2 | 3.80 | 61.92 | 65.72 | OK | |
r-release-macos-arm64 | 0.11.2 | 37.00 | OK | |||
r-release-macos-x86_64 | 0.11.2 | 72.00 | OK | |||
r-release-windows-x86_64 | 0.11.2 | 8.00 | 92.00 | 100.00 | OK | |
r-oldrel-macos-arm64 | 0.11.2 | 37.00 | OK | |||
r-oldrel-macos-x86_64 | 0.11.2 | 50.00 | OK | |||
r-oldrel-windows-x86_64 | 0.11.2 | 9.00 | 108.00 | 117.00 | OK |
Version: 0.11.2
Check: CRAN incoming feasibility
Result: NOTE
Maintainer: ‘Qu Tang <tang.q@northeastern.edu>’
Package CITATION file contains call(s) to old-style personList() or
as.personList(). Please use c() on person objects instead.
Package CITATION file contains call(s) to old-style citEntry(). Please
use bibentry() instead.
Flavors: r-devel-linux-x86_64-debian-clang, r-devel-linux-x86_64-debian-gcc
Version: 0.11.2
Check: examples
Result: NOTE
Examples with CPU (user + system) or elapsed time > 5s
user system elapsed
mims_unit 6.175 0.102 8.935
sensor_orientations 6.066 0.044 8.510
Flavor: r-devel-linux-x86_64-debian-clang
Version: 0.11.2
Check: examples
Result: NOTE
Examples with CPU (user + system) or elapsed time > 5s
user system elapsed
sensor_orientations 6.667 0.002 8.644
mims_unit 6.622 0.041 8.420
Flavor: r-devel-linux-x86_64-debian-gcc