Last updated on 2025-04-30 04:50:11 CEST.
Flavor | Version | Tinstall | Tcheck | Ttotal | Status | Flags |
---|---|---|---|---|---|---|
r-devel-linux-x86_64-debian-clang | 0.1.0 | 21.88 | 161.45 | 183.33 | NOTE | |
r-devel-linux-x86_64-debian-gcc | 0.1.0 | 15.65 | 110.09 | 125.74 | NOTE | |
r-devel-linux-x86_64-fedora-clang | 0.1.0 | 286.04 | OK | |||
r-devel-linux-x86_64-fedora-gcc | 0.1.0 | 276.45 | OK | |||
r-devel-windows-x86_64 | 0.1.0 | 26.00 | 149.00 | 175.00 | OK | |
r-patched-linux-x86_64 | 0.1.0 | 20.32 | 148.83 | 169.15 | OK | |
r-release-linux-x86_64 | 0.1.0 | 21.68 | 145.97 | 167.65 | OK | |
r-release-macos-arm64 | 0.1.0 | 68.00 | OK | |||
r-release-macos-x86_64 | 0.1.0 | 139.00 | OK | |||
r-release-windows-x86_64 | 0.1.0 | 26.00 | 150.00 | 176.00 | OK | |
r-oldrel-macos-arm64 | 0.1.0 | 67.00 | OK | |||
r-oldrel-macos-x86_64 | 0.1.0 | 102.00 | OK | |||
r-oldrel-windows-x86_64 | 0.1.0 | 34.00 | 192.00 | 226.00 | OK |
Version: 0.1.0
Check: CRAN incoming feasibility
Result: NOTE
Maintainer: ‘Alexander Volkmann <alexander.volkmann@hu-berlin.de>’
The Description field contains
Implementation for Volkmann, Umlauf, Greven (2023) <arXiv:2311.06409>.
Please refer to arXiv e-prints via their arXiv DOI <doi:10.48550/arXiv.YYMM.NNNNN>.
Flavors: r-devel-linux-x86_64-debian-clang, r-devel-linux-x86_64-debian-gcc
Version: 0.1.0
Check: examples
Result: NOTE
Examples with CPU (user + system) or elapsed time > 5s
user system elapsed
mjm_bamlss 4.14 0.048 5.437
Flavor: r-devel-linux-x86_64-debian-clang