Last updated on 2025-04-30 04:50:11 CEST.
Flavor | Version | Tinstall | Tcheck | Ttotal | Status | Flags |
---|---|---|---|---|---|---|
r-devel-linux-x86_64-debian-clang | 0.7 | 10.45 | 129.29 | 139.74 | NOTE | |
r-devel-linux-x86_64-debian-gcc | 0.7 | 7.63 | 90.33 | 97.96 | OK | |
r-devel-linux-x86_64-fedora-clang | 0.7 | 237.08 | OK | |||
r-devel-linux-x86_64-fedora-gcc | 0.7 | 220.85 | OK | |||
r-devel-windows-x86_64 | 0.7 | 13.00 | 125.00 | 138.00 | OK | |
r-patched-linux-x86_64 | 0.7 | 11.50 | 121.41 | 132.91 | OK | |
r-release-linux-x86_64 | 0.7 | 10.68 | 121.90 | 132.58 | OK | |
r-release-macos-arm64 | 0.7 | 64.00 | OK | |||
r-release-macos-x86_64 | 0.7 | 132.00 | OK | |||
r-release-windows-x86_64 | 0.7 | 13.00 | 120.00 | 133.00 | OK | |
r-oldrel-macos-arm64 | 0.7 | 60.00 | OK | |||
r-oldrel-macos-x86_64 | 0.7 | 90.00 | OK | |||
r-oldrel-windows-x86_64 | 0.7 | 16.00 | 162.00 | 178.00 | OK |
Version: 0.7
Check: examples
Result: NOTE
Examples with CPU (user + system) or elapsed time > 5s
user system elapsed
corPlot 6.064 0.001 6.598
Flavor: r-devel-linux-x86_64-debian-clang