Last updated on 2025-04-30 04:50:11 CEST.
Flavor | Version | Tinstall | Tcheck | Ttotal | Status | Flags |
---|---|---|---|---|---|---|
r-devel-linux-x86_64-debian-clang | 2.1.0 | 6.67 | 85.76 | 92.43 | NOTE | |
r-devel-linux-x86_64-debian-gcc | 2.1.0 | 5.42 | 56.38 | 61.80 | NOTE | |
r-devel-linux-x86_64-fedora-clang | 2.1.0 | 139.22 | OK | |||
r-devel-linux-x86_64-fedora-gcc | 2.1.0 | 133.15 | OK | |||
r-devel-windows-x86_64 | 2.1.0 | 9.00 | 91.00 | 100.00 | OK | |
r-patched-linux-x86_64 | 2.1.0 | 6.84 | 81.18 | 88.02 | OK | |
r-release-linux-x86_64 | 2.1.0 | 7.21 | 79.78 | 86.99 | OK | |
r-release-macos-arm64 | 2.1.0 | 39.00 | OK | |||
r-release-macos-x86_64 | 2.1.0 | 80.00 | OK | |||
r-release-windows-x86_64 | 2.1.0 | 10.00 | 92.00 | 102.00 | OK | |
r-oldrel-macos-arm64 | 2.1.0 | 38.00 | OK | |||
r-oldrel-macos-x86_64 | 2.1.0 | 68.00 | OK | |||
r-oldrel-windows-x86_64 | 2.1.0 | 11.00 | 116.00 | 127.00 | OK |
Version: 2.1.0
Check: examples
Result: NOTE
Examples with CPU (user + system) or elapsed time > 5s
user system elapsed
plot.MLEce 13.150 0.074 16.909
summary.MLEce 8.357 0.013 10.440
gof 5.415 0.129 7.089
Flavor: r-devel-linux-x86_64-debian-clang
Version: 2.1.0
Check: examples
Result: NOTE
Examples with CPU (user + system) or elapsed time > 5s
user system elapsed
plot.MLEce 6.732 0.098 8.737
summary.MLEce 4.640 0.019 5.916
gof 3.553 0.081 5.388
Flavor: r-devel-linux-x86_64-debian-gcc