CRAN Package Check Results for Package MLVSBM

Last updated on 2025-04-30 04:50:11 CEST.

Flavor Version Tinstall Tcheck Ttotal Status Flags
r-devel-linux-x86_64-debian-clang 0.2.4 7.73 66.85 74.58 NOTE
r-devel-linux-x86_64-debian-gcc 0.2.4 4.66 48.36 53.02 NOTE
r-devel-linux-x86_64-fedora-clang 0.2.4 117.32 OK
r-devel-linux-x86_64-fedora-gcc 0.2.4 126.02 OK
r-devel-windows-x86_64 0.2.4 9.00 83.00 92.00 OK
r-patched-linux-x86_64 0.2.4 8.00 63.23 71.23 OK
r-release-linux-x86_64 0.2.4 7.59 62.74 70.33 OK
r-release-macos-arm64 0.2.4 55.00 OK
r-release-macos-x86_64 0.2.4 86.00 OK
r-release-windows-x86_64 0.2.4 8.00 82.00 90.00 OK
r-oldrel-macos-arm64 0.2.4 43.00 OK
r-oldrel-macos-x86_64 0.2.4 59.00 OK
r-oldrel-windows-x86_64 0.2.4 10.00 99.00 109.00 OK

Check Details

Version: 0.2.4
Check: CRAN incoming feasibility
Result: NOTE Maintainer: ‘Saint-Clair Chabert-Liddell <academic@chabert-liddell.com>’ Package CITATION file contains call(s) to old-style personList() or as.personList(). Please use c() on person objects instead. Package CITATION file contains call(s) to old-style citEntry(). Please use bibentry() instead. Flavors: r-devel-linux-x86_64-debian-clang, r-devel-linux-x86_64-debian-gcc