Last updated on 2025-04-30 04:50:11 CEST.
Flavor | Version | Tinstall | Tcheck | Ttotal | Status | Flags |
---|---|---|---|---|---|---|
r-devel-linux-x86_64-debian-clang | 0.1.5 | 119.25 | 120.67 | 239.92 | OK | |
r-devel-linux-x86_64-debian-gcc | 0.1.5 | 92.95 | 87.72 | 180.67 | OK | |
r-devel-linux-x86_64-fedora-clang | 0.1.5 | 357.89 | OK | |||
r-devel-linux-x86_64-fedora-gcc | 0.1.5 | 437.07 | OK | |||
r-devel-windows-x86_64 | 0.1.5 | 114.00 | 150.00 | 264.00 | OK | |
r-patched-linux-x86_64 | 0.1.5 | 132.03 | 121.25 | 253.28 | OK | |
r-release-linux-x86_64 | 0.1.5 | 133.53 | 120.14 | 253.67 | OK | |
r-release-macos-arm64 | 0.1.5 | 128.00 | OK | |||
r-release-macos-x86_64 | 0.1.5 | 235.00 | OK | |||
r-release-windows-x86_64 | 0.1.5 | 116.00 | 147.00 | 263.00 | OK | |
r-oldrel-macos-arm64 | 0.1.5 | 123.00 | NOTE | |||
r-oldrel-macos-x86_64 | 0.1.5 | 198.00 | NOTE | |||
r-oldrel-windows-x86_64 | 0.1.5 | 129.00 | 194.00 | 323.00 | NOTE |
Version: 0.1.5
Check: installed package size
Result: NOTE
installed size is 50.2Mb
sub-directories of 1Mb or more:
libs 49.7Mb
Flavors: r-oldrel-macos-arm64, r-oldrel-macos-x86_64, r-oldrel-windows-x86_64