Last updated on 2025-04-30 04:50:11 CEST.
Flavor | Version | Tinstall | Tcheck | Ttotal | Status | Flags |
---|---|---|---|---|---|---|
r-devel-linux-x86_64-debian-clang | 1.0.0 | 9.31 | 96.14 | 105.45 | NOTE | |
r-devel-linux-x86_64-debian-gcc | 1.0.0 | 6.61 | 63.20 | 69.81 | NOTE | |
r-devel-linux-x86_64-fedora-clang | 1.0.0 | 163.03 | OK | |||
r-devel-linux-x86_64-fedora-gcc | 1.0.0 | 158.14 | OK | |||
r-devel-windows-x86_64 | 1.0.0 | 10.00 | 104.00 | 114.00 | OK | |
r-patched-linux-x86_64 | 1.0.0 | 8.09 | 91.39 | 99.48 | OK | |
r-release-linux-x86_64 | 1.0.0 | 8.95 | 89.45 | 98.40 | OK | |
r-release-macos-arm64 | 1.0.0 | 50.00 | OK | |||
r-release-macos-x86_64 | 1.0.0 | 93.00 | OK | |||
r-release-windows-x86_64 | 1.0.0 | 9.00 | 103.00 | 112.00 | OK | |
r-oldrel-macos-arm64 | 1.0.0 | 48.00 | OK | |||
r-oldrel-macos-x86_64 | 1.0.0 | 76.00 | OK | |||
r-oldrel-windows-x86_64 | 1.0.0 | 11.00 | 126.00 | 137.00 | OK |
Version: 1.0.0
Check: examples
Result: NOTE
Examples with CPU (user + system) or elapsed time > 5s
user system elapsed
plot.GaF 9.657 0.000 12.187
GaFrailtyMM 8.811 0.008 10.653
summary.GaF 8.385 0.000 10.323
Flavor: r-devel-linux-x86_64-debian-clang
Version: 1.0.0
Check: examples
Result: NOTE
Examples with CPU (user + system) or elapsed time > 5s
user system elapsed
GaFrailtyMM 4.876 0.008 6.616
summary.GaF 4.731 0.000 5.711
plot.GaF 4.681 0.004 6.034
Flavor: r-devel-linux-x86_64-debian-gcc