Last updated on 2025-04-30 04:50:11 CEST.
Flavor | Version | Tinstall | Tcheck | Ttotal | Status | Flags |
---|---|---|---|---|---|---|
r-devel-linux-x86_64-debian-clang | 1.1.0 | 19.28 | 30.24 | 49.52 | NOTE | |
r-devel-linux-x86_64-debian-gcc | 1.1.0 | 13.88 | 23.06 | 36.94 | NOTE | |
r-devel-linux-x86_64-fedora-clang | 1.1.0 | 89.22 | OK | |||
r-devel-linux-x86_64-fedora-gcc | 1.1.0 | 80.19 | OK | |||
r-devel-windows-x86_64 | 1.1.0 | 28.00 | 70.00 | 98.00 | OK | |
r-patched-linux-x86_64 | 1.1.0 | 18.37 | 28.44 | 46.81 | OK | |
r-release-linux-x86_64 | 1.1.0 | 19.12 | 28.73 | 47.85 | OK | |
r-release-macos-arm64 | 1.1.0 | 29.00 | OK | |||
r-release-macos-x86_64 | 1.1.0 | 47.00 | OK | |||
r-release-windows-x86_64 | 1.1.0 | 34.00 | 75.00 | 109.00 | OK | |
r-oldrel-macos-arm64 | 1.1.0 | 25.00 | OK | |||
r-oldrel-macos-x86_64 | 1.1.0 | 37.00 | OK | |||
r-oldrel-windows-x86_64 | 1.1.0 | 30.00 | 77.00 | 107.00 | OK |
Version: 1.1.0
Check: CRAN incoming feasibility
Result: NOTE
Maintainer: ‘Matthieu Marbac <matthieu.marbac-lourdelle@ensai.fr>’
The Description field contains
(2020) <arXiv:2009.07662>.
Please refer to arXiv e-prints via their arXiv DOI <doi:10.48550/arXiv.YYMM.NNNNN>.
Flavors: r-devel-linux-x86_64-debian-clang, r-devel-linux-x86_64-debian-gcc