Last updated on 2025-04-30 04:50:11 CEST.
Flavor | Version | Tinstall | Tcheck | Ttotal | Status | Flags |
---|---|---|---|---|---|---|
r-devel-linux-x86_64-debian-clang | 1.2.0 | 11.68 | 100.46 | 112.14 | NOTE | |
r-devel-linux-x86_64-debian-gcc | 1.2.0 | 6.88 | 67.43 | 74.31 | NOTE | |
r-devel-linux-x86_64-fedora-clang | 1.2.0 | 162.49 | OK | |||
r-devel-linux-x86_64-fedora-gcc | 1.2.0 | 152.11 | OK | |||
r-devel-windows-x86_64 | 1.2.0 | 12.00 | 98.00 | 110.00 | OK | |
r-patched-linux-x86_64 | 1.2.0 | 10.52 | 92.40 | 102.92 | OK | |
r-release-linux-x86_64 | 1.2.0 | 10.95 | 91.61 | 102.56 | OK | |
r-release-macos-arm64 | 1.2.0 | 46.00 | OK | |||
r-release-macos-x86_64 | 1.2.0 | 71.00 | OK | |||
r-release-windows-x86_64 | 1.2.0 | 13.00 | 99.00 | 112.00 | OK | |
r-oldrel-macos-arm64 | 1.2.0 | 47.00 | OK | |||
r-oldrel-macos-x86_64 | 1.2.0 | 80.00 | OK | |||
r-oldrel-windows-x86_64 | 1.2.0 | 14.00 | 124.00 | 138.00 | OK |
Version: 1.2.0
Check: examples
Result: NOTE
Examples with CPU (user + system) or elapsed time > 5s
user system elapsed
re.MNB 7.311 0.083 9.281
qMNB 5.381 0.061 7.218
Flavor: r-devel-linux-x86_64-debian-clang
Version: 1.2.0
Check: examples
Result: NOTE
Examples with CPU (user + system) or elapsed time > 5s
user system elapsed
re.MNB 3.921 0.081 5.51
Flavor: r-devel-linux-x86_64-debian-gcc