Last updated on 2025-04-30 04:50:12 CEST.
Flavor | Version | Tinstall | Tcheck | Ttotal | Status | Flags |
---|---|---|---|---|---|---|
r-devel-linux-x86_64-debian-clang | 1.0-4 | 10.16 | 127.84 | 138.00 | NOTE | |
r-devel-linux-x86_64-debian-gcc | 1.0-4 | 7.10 | 81.56 | 88.66 | NOTE | |
r-devel-linux-x86_64-fedora-clang | 1.0-4 | 220.01 | OK | |||
r-devel-linux-x86_64-fedora-gcc | 1.0-4 | 214.64 | OK | |||
r-devel-windows-x86_64 | 1.0-4 | 12.00 | 132.00 | 144.00 | OK | |
r-patched-linux-x86_64 | 1.0-4 | 11.81 | 123.25 | 135.06 | OK | |
r-release-linux-x86_64 | 1.0-4 | 10.51 | 122.59 | 133.10 | OK | |
r-release-macos-arm64 | 1.0-4 | 62.00 | OK | |||
r-release-macos-x86_64 | 1.0-4 | 161.00 | OK | |||
r-release-windows-x86_64 | 1.0-4 | 12.00 | 127.00 | 139.00 | OK | |
r-oldrel-macos-arm64 | 1.0-4 | 45.00 | OK | |||
r-oldrel-macos-x86_64 | 1.0-4 | 74.00 | OK | |||
r-oldrel-windows-x86_64 | 1.0-4 | 15.00 | 128.00 | 143.00 | OK |
Version: 1.0-4
Check: examples
Result: NOTE
Examples with CPU (user + system) or elapsed time > 5s
user system elapsed
mv.2sample.est 34.77 0.181 45.903
Flavor: r-devel-linux-x86_64-debian-clang
Version: 1.0-4
Check: examples
Result: NOTE
Examples with CPU (user + system) or elapsed time > 5s
user system elapsed
mv.2sample.est 17.087 0.013 21.495
Flavor: r-devel-linux-x86_64-debian-gcc