Last updated on 2025-04-30 04:50:12 CEST.
Flavor | Version | Tinstall | Tcheck | Ttotal | Status | Flags |
---|---|---|---|---|---|---|
r-devel-linux-x86_64-debian-clang | 1.4 | 2.25 | 35.93 | 38.18 | NOTE | |
r-devel-linux-x86_64-debian-gcc | 1.4 | 1.42 | 26.23 | 27.65 | NOTE | |
r-devel-linux-x86_64-fedora-clang | 1.4 | 59.04 | OK | |||
r-devel-linux-x86_64-fedora-gcc | 1.4 | 57.43 | OK | |||
r-devel-windows-x86_64 | 1.4 | 3.00 | 69.00 | 72.00 | OK | |
r-patched-linux-x86_64 | 1.4 | 1.74 | 35.35 | 37.09 | OK | |
r-release-linux-x86_64 | 1.4 | 2.10 | 35.95 | 38.05 | OK | |
r-release-macos-arm64 | 1.4 | 24.00 | OK | |||
r-release-macos-x86_64 | 1.4 | 49.00 | OK | |||
r-release-windows-x86_64 | 1.4 | 3.00 | 62.00 | 65.00 | OK | |
r-oldrel-macos-arm64 | 1.4 | 21.00 | OK | |||
r-oldrel-macos-x86_64 | 1.4 | 31.00 | OK | |||
r-oldrel-windows-x86_64 | 1.4 | 4.00 | 66.00 | 70.00 | OK |
Version: 1.4
Check: CRAN incoming feasibility
Result: NOTE
Maintainer: ‘Hans Kestler <hans.kestler@uni-ulm.de>’
No Authors@R field in DESCRIPTION.
Please add one, modifying
Authors@R: c(person(given = "Johann",
family = "Kraus",
role = "aut",
email = "johann.kraus@uni-ulm.de"),
person(given = "Hans",
family = "Kestler",
role = "cre",
email = "hans.kestler@uni-ulm.de"))
as necessary.
Flavors: r-devel-linux-x86_64-debian-clang, r-devel-linux-x86_64-debian-gcc
Version: 1.4
Check: examples
Result: NOTE
Examples with CPU (user + system) or elapsed time > 5s
user system elapsed
mocca 4.390 0.008 5.396
MOCCA-package 4.374 0.004 5.842
analyzePareto 4.366 0.004 5.211
Flavor: r-devel-linux-x86_64-debian-clang