CRAN Package Check Results for Package MOLHD

Last updated on 2025-07-05 04:50:20 CEST.

Flavor Version Tinstall Tcheck Ttotal Status Flags
r-devel-linux-x86_64-debian-clang 0.2 5.94 44.17 50.11 NOTE
r-devel-linux-x86_64-debian-gcc 0.2 4.43 31.75 36.18 NOTE
r-devel-linux-x86_64-fedora-clang 0.2 76.43 OK
r-devel-linux-x86_64-fedora-gcc 0.2 73.10 OK
r-devel-windows-x86_64 0.2 6.00 61.00 67.00 OK
r-patched-linux-x86_64 0.2 5.88 41.58 47.46 OK
r-release-linux-x86_64 0.2 5.18 42.00 47.18 OK
r-release-macos-arm64 0.2 25.00 OK
r-release-macos-x86_64 0.2 42.00 OK
r-release-windows-x86_64 0.2 7.00 59.00 66.00 OK
r-oldrel-macos-arm64 0.2 23.00 OK
r-oldrel-macos-x86_64 0.2 35.00 OK
r-oldrel-windows-x86_64 0.2 9.00 70.00 79.00 OK

Check Details

Version: 0.2
Check: CRAN incoming feasibility
Result: NOTE Maintainer: ‘Ruizhe Hou <houruizhe1210@gmail.com>’ No Authors@R field in DESCRIPTION. Please add one, modifying Authors@R: c(person(given = "Ruizhe", family = "Hou", role = c("aut", "cre"), email = "houruizhe1210@gmail.com"), person(given = "Lu", family = "Lu", role = "aut")) as necessary. Flavors: r-devel-linux-x86_64-debian-clang, r-devel-linux-x86_64-debian-gcc