CRAN Package Check Results for Package MOLHD

Last updated on 2025-04-30 04:50:12 CEST.

Flavor Version Tinstall Tcheck Ttotal Status Flags
r-devel-linux-x86_64-debian-clang 0.2 4.42 44.14 48.56 NOTE
r-devel-linux-x86_64-debian-gcc 0.2 4.44 31.62 36.06 NOTE
r-devel-linux-x86_64-fedora-clang 0.2 77.92 OK
r-devel-linux-x86_64-fedora-gcc 0.2 72.77 OK
r-devel-windows-x86_64 0.2 6.00 63.00 69.00 OK
r-patched-linux-x86_64 0.2 5.36 41.55 46.91 OK
r-release-linux-x86_64 0.2 4.84 41.43 46.27 OK
r-release-macos-arm64 0.2 25.00 OK
r-release-macos-x86_64 0.2 42.00 OK
r-release-windows-x86_64 0.2 7.00 65.00 72.00 OK
r-oldrel-macos-arm64 0.2 23.00 OK
r-oldrel-macos-x86_64 0.2 35.00 OK
r-oldrel-windows-x86_64 0.2 8.00 68.00 76.00 OK

Check Details

Version: 0.2
Check: CRAN incoming feasibility
Result: NOTE Maintainer: ‘Ruizhe Hou <houruizhe1210@gmail.com>’ No Authors@R field in DESCRIPTION. Please add one, modifying Authors@R: c(person(given = "Ruizhe", family = "Hou", role = c("aut", "cre"), email = "houruizhe1210@gmail.com"), person(given = "Lu", family = "Lu", role = "aut")) as necessary. Flavors: r-devel-linux-x86_64-debian-clang, r-devel-linux-x86_64-debian-gcc