Last updated on 2025-04-30 04:50:12 CEST.
Flavor | Version | Tinstall | Tcheck | Ttotal | Status | Flags |
---|---|---|---|---|---|---|
r-devel-linux-x86_64-debian-clang | 2.0.0 | 5.12 | 39.63 | 44.75 | NOTE | |
r-devel-linux-x86_64-debian-gcc | 2.0.0 | 3.94 | 29.70 | 33.64 | NOTE | |
r-devel-linux-x86_64-fedora-clang | 2.0.0 | 70.21 | OK | |||
r-devel-linux-x86_64-fedora-gcc | 2.0.0 | 65.21 | OK | |||
r-devel-windows-x86_64 | 2.0.0 | 7.00 | 66.00 | 73.00 | OK | |
r-patched-linux-x86_64 | 2.0.0 | 4.35 | 37.26 | 41.61 | OK | |
r-release-linux-x86_64 | 2.0.0 | 4.59 | 37.15 | 41.74 | OK | |
r-release-macos-arm64 | 2.0.0 | 27.00 | OK | |||
r-release-macos-x86_64 | 2.0.0 | 45.00 | OK | |||
r-release-windows-x86_64 | 2.0.0 | 8.00 | 69.00 | 77.00 | OK | |
r-oldrel-macos-arm64 | 2.0.0 | 28.00 | OK | |||
r-oldrel-macos-x86_64 | 2.0.0 | 37.00 | OK | |||
r-oldrel-windows-x86_64 | 2.0.0 | 10.00 | 72.00 | 82.00 | OK |
Version: 2.0.0
Check: CRAN incoming feasibility
Result: NOTE
Maintainer: ‘Martin Bialke <mosaic-projekt@uni-greifswald.de>’
No Authors@R field in DESCRIPTION.
Please add one, modifying
Authors@R: c(person(given = "Martin",
family = "Bialke",
role = c("aut", "cre"),
email = "mosaic-projekt@uni-greifswald.de"),
person(given = "Thea",
family = "Schwaneberg",
role = "aut",
email = "thea.schwaneberg@uni-greifswald.de"),
person(given = "Rene",
family = "Walk",
role = "aut",
email = "rene.walk@uni-greifswald.de"))
as necessary.
Flavors: r-devel-linux-x86_64-debian-clang, r-devel-linux-x86_64-debian-gcc