Last updated on 2025-04-30 04:50:12 CEST.
Flavor | Version | Tinstall | Tcheck | Ttotal | Status | Flags |
---|---|---|---|---|---|---|
r-devel-linux-x86_64-debian-clang | 0.0.4 | 34.12 | 35.41 | 69.53 | NOTE | |
r-devel-linux-x86_64-debian-gcc | 0.0.4 | 24.55 | 24.89 | 49.44 | OK | |
r-devel-linux-x86_64-fedora-clang | 0.0.4 | 117.34 | OK | |||
r-devel-linux-x86_64-fedora-gcc | 0.0.4 | 119.36 | OK | |||
r-devel-windows-x86_64 | 0.0.4 | 38.00 | 68.00 | 106.00 | OK | |
r-patched-linux-x86_64 | 0.0.4 | 32.09 | 32.54 | 64.63 | OK | |
r-release-linux-x86_64 | 0.0.4 | 33.76 | 31.99 | 65.75 | OK | |
r-release-macos-arm64 | 0.0.4 | 35.00 | OK | |||
r-release-macos-x86_64 | 0.0.4 | 52.00 | OK | |||
r-release-windows-x86_64 | 0.0.4 | 39.00 | 77.00 | 116.00 | OK | |
r-oldrel-macos-arm64 | 0.0.4 | 35.00 | OK | |||
r-oldrel-macos-x86_64 | 0.0.4 | 66.00 | OK | |||
r-oldrel-windows-x86_64 | 0.0.4 | 42.00 | 87.00 | 129.00 | OK |
Version: 0.0.4
Check: examples
Result: NOTE
Examples with CPU (user + system) or elapsed time > 5s
user system elapsed
RGM 6.747 0.157 8.833
Flavor: r-devel-linux-x86_64-debian-clang