CRAN Package Check Results for Package MRHawkes

Last updated on 2025-04-30 04:50:12 CEST.

Flavor Version Tinstall Tcheck Ttotal Status Flags
r-devel-linux-x86_64-debian-clang 1.0 6.25 41.28 47.53 NOTE
r-devel-linux-x86_64-debian-gcc 1.0 4.28 30.02 34.30 NOTE
r-devel-linux-x86_64-fedora-clang 1.0 72.74 OK
r-devel-linux-x86_64-fedora-gcc 1.0 70.97 OK
r-devel-windows-x86_64 1.0 6.00 64.00 70.00 OK
r-patched-linux-x86_64 1.0 4.97 39.77 44.74 OK
r-release-linux-x86_64 1.0 4.78 39.25 44.03 OK
r-release-macos-arm64 1.0 26.00 OK
r-release-macos-x86_64 1.0 45.00 OK
r-release-windows-x86_64 1.0 5.00 61.00 66.00 OK
r-oldrel-macos-arm64 1.0 24.00 OK
r-oldrel-macos-x86_64 1.0 37.00 OK
r-oldrel-windows-x86_64 1.0 7.00 58.00 65.00 OK

Check Details

Version: 1.0
Check: CRAN incoming feasibility
Result: NOTE Maintainer: ‘Tom Stindl <t.stindl@unsw.edu.au>’ No Authors@R field in DESCRIPTION. Please add one, modifying Authors@R: c(person(given = "Tom", family = "Stindl", role = c("aut", "cre"), email = "t.stindl@unsw.edu.au"), person(given = "Feng", family = "Chen", role = "aut")) as necessary. Flavors: r-devel-linux-x86_64-debian-clang, r-devel-linux-x86_64-debian-gcc