Last updated on 2025-04-30 04:50:12 CEST.
Flavor | Version | Tinstall | Tcheck | Ttotal | Status | Flags |
---|---|---|---|---|---|---|
r-devel-linux-x86_64-debian-clang | 0.1.2 | 5.97 | 92.79 | 98.76 | NOTE | |
r-devel-linux-x86_64-debian-gcc | 0.1.2 | 4.81 | 66.59 | 71.40 | NOTE | |
r-devel-linux-x86_64-fedora-clang | 0.1.2 | 152.07 | NOTE | |||
r-devel-linux-x86_64-fedora-gcc | 0.1.2 | 172.93 | NOTE | |||
r-devel-windows-x86_64 | 0.1.2 | 6.00 | 101.00 | 107.00 | NOTE | |
r-patched-linux-x86_64 | 0.1.2 | 6.85 | 93.87 | 100.72 | NOTE | |
r-release-linux-x86_64 | 0.1.2 | 6.49 | 93.95 | 100.44 | NOTE | |
r-release-macos-arm64 | 0.1.2 | 55.00 | NOTE | |||
r-release-macos-x86_64 | 0.1.2 | 124.00 | NOTE | |||
r-release-windows-x86_64 | 0.1.2 | 7.00 | 102.00 | 109.00 | NOTE | |
r-oldrel-macos-arm64 | 0.1.2 | 63.00 | NOTE | |||
r-oldrel-macos-x86_64 | 0.1.2 | 85.00 | NOTE | |||
r-oldrel-windows-x86_64 | 0.1.2 | 10.00 | 138.00 | 148.00 | NOTE |
Version: 0.1.2
Check: Rd files
Result: NOTE
checkRd: (-1) data_binary.Rd:10: Lost braces; missing escapes or markup?
10 | log E(Y_{t+1} | A_t = 0, I_t = 1) = alpha_0 + alpha_1 * time / total_T
| ^
Flavors: r-devel-linux-x86_64-debian-clang, r-devel-linux-x86_64-debian-gcc, r-devel-linux-x86_64-fedora-clang, r-devel-linux-x86_64-fedora-gcc, r-devel-windows-x86_64, r-patched-linux-x86_64, r-release-linux-x86_64, r-release-macos-arm64, r-release-macos-x86_64, r-release-windows-x86_64, r-oldrel-macos-arm64, r-oldrel-macos-x86_64, r-oldrel-windows-x86_64
Version: 0.1.2
Check: examples
Result: NOTE
Examples with CPU (user + system) or elapsed time > 5s
user system elapsed
summary.wcls_fit 4.257 0.089 5.175
Flavor: r-devel-linux-x86_64-debian-clang