Last updated on 2025-04-30 04:50:12 CEST.
Flavor | Version | Tinstall | Tcheck | Ttotal | Status | Flags |
---|---|---|---|---|---|---|
r-devel-linux-x86_64-debian-clang | 1.0.1 | 7.97 | 61.11 | 69.08 | NOTE | |
r-devel-linux-x86_64-debian-gcc | 1.0.1 | 5.49 | 46.53 | 52.02 | NOTE | |
r-devel-linux-x86_64-fedora-clang | 1.0.1 | 104.56 | OK | |||
r-devel-linux-x86_64-fedora-gcc | 1.0.1 | 100.63 | OK | |||
r-devel-windows-x86_64 | 1.0.1 | 8.00 | 75.00 | 83.00 | OK | |
r-patched-linux-x86_64 | 1.0.1 | 6.96 | 58.56 | 65.52 | OK | |
r-release-linux-x86_64 | 1.0.1 | 5.92 | 58.47 | 64.39 | OK | |
r-release-macos-arm64 | 1.0.1 | 44.00 | OK | |||
r-release-macos-x86_64 | 1.0.1 | 79.00 | OK | |||
r-release-windows-x86_64 | 1.0.1 | 8.00 | 73.00 | 81.00 | OK | |
r-oldrel-macos-arm64 | 1.0.1 | 45.00 | OK | |||
r-oldrel-macos-x86_64 | 1.0.1 | 55.00 | OK | |||
r-oldrel-windows-x86_64 | 1.0.1 | 11.00 | 86.00 | 97.00 | OK |
Version: 1.0.1
Check: CRAN incoming feasibility
Result: NOTE
Maintainer: ‘Qi Yan <qy2253@cumc.columbia.edu>’
No Authors@R field in DESCRIPTION.
Please add one, modifying
Authors@R: person(given = "Qi",
family = "Yan",
role = c("aut", "cre"),
email = "qy2253@cumc.columbia.edu")
as necessary.
Flavors: r-devel-linux-x86_64-debian-clang, r-devel-linux-x86_64-debian-gcc