Last updated on 2025-02-21 03:52:20 CET.
Flavor | Version | Tinstall | Tcheck | Ttotal | Status | Flags |
---|---|---|---|---|---|---|
r-devel-linux-x86_64-debian-clang | 2.51 | 278.26 | 344.86 | 623.12 | OK | |
r-devel-linux-x86_64-debian-gcc | 2.51 | 224.11 | 198.43 | 422.54 | OK | |
r-devel-linux-x86_64-fedora-clang | 2.51 | 1114.42 | OK | |||
r-devel-linux-x86_64-fedora-gcc | 2.51 | 1148.74 | OK | |||
r-devel-macos-arm64 | 2.51 | 205.00 | OK | |||
r-devel-macos-x86_64 | 2.51 | 346.00 | OK | |||
r-devel-windows-x86_64 | 2.51 | 288.00 | 343.00 | 631.00 | OK | |
r-patched-linux-x86_64 | 2.51 | 310.71 | 325.22 | 635.93 | OK | |
r-release-linux-x86_64 | 2.51 | 306.94 | 317.22 | 624.16 | OK | |
r-release-macos-arm64 | 2.51 | 204.00 | NOTE | |||
r-release-macos-x86_64 | 2.51 | 268.00 | NOTE | |||
r-release-windows-x86_64 | 2.51 | 293.00 | 324.00 | 617.00 | NOTE | |
r-oldrel-macos-arm64 | 2.51 | 255.00 | NOTE | |||
r-oldrel-macos-x86_64 | 2.51 | 473.00 | NOTE | |||
r-oldrel-windows-x86_64 | 2.51 | 362.00 | 435.00 | 797.00 | NOTE |
Version: 2.51
Check: installed package size
Result: NOTE
installed size is 45.4Mb
sub-directories of 1Mb or more:
libs 45.0Mb
Flavors: r-release-macos-arm64, r-release-macos-x86_64, r-release-windows-x86_64, r-oldrel-macos-arm64, r-oldrel-macos-x86_64, r-oldrel-windows-x86_64