Last updated on 2025-04-29 04:50:10 CEST.
Flavor | Version | Tinstall | Tcheck | Ttotal | Status | Flags |
---|---|---|---|---|---|---|
r-devel-linux-x86_64-debian-clang | 1.1 | 26.61 | 71.31 | 97.92 | OK | |
r-devel-linux-x86_64-debian-gcc | 1.1 | 18.99 | 50.98 | 69.97 | NOTE | |
r-devel-linux-x86_64-fedora-clang | 1.1 | 168.23 | OK | |||
r-devel-linux-x86_64-fedora-gcc | 1.1 | 172.51 | OK | |||
r-devel-windows-x86_64 | 1.1 | 31.00 | 111.00 | 142.00 | OK | |
r-patched-linux-x86_64 | 1.1 | 26.84 | 68.04 | 94.88 | OK | |
r-release-linux-x86_64 | 1.1 | 26.53 | 67.26 | 93.79 | OK | |
r-release-macos-arm64 | 1.1 | 58.00 | OK | |||
r-release-macos-x86_64 | 1.1 | 113.00 | OK | |||
r-release-windows-x86_64 | 1.1 | 32.00 | 113.00 | 145.00 | OK | |
r-oldrel-macos-arm64 | 1.1 | 49.00 | OK | |||
r-oldrel-macos-x86_64 | 1.1 | 101.00 | OK | |||
r-oldrel-windows-x86_64 | 1.1 | 38.00 | 135.00 | 173.00 | OK |
Version: 1.1
Check: examples
Result: NOTE
Examples with CPU (user + system) or elapsed time > 5s
user system elapsed
WFPBB 6.905 0.028 8.196
Flavor: r-devel-linux-x86_64-debian-gcc