Last updated on 2025-04-30 04:50:12 CEST.
Flavor | Version | Tinstall | Tcheck | Ttotal | Status | Flags |
---|---|---|---|---|---|---|
r-devel-linux-x86_64-debian-clang | 3.0 | 32.21 | 121.17 | 153.38 | NOTE | |
r-devel-linux-x86_64-debian-gcc | 3.0 | 17.14 | 75.99 | 93.13 | OK | |
r-devel-linux-x86_64-fedora-clang | 3.0 | 232.27 | NOTE | |||
r-devel-linux-x86_64-fedora-gcc | 3.0 | 217.75 | NOTE | |||
r-devel-windows-x86_64 | 3.0 | 27.00 | 111.00 | 138.00 | OK | |
r-patched-linux-x86_64 | 3.0 | 29.71 | 114.95 | 144.66 | OK | |
r-release-linux-x86_64 | 3.0 | 25.14 | 113.75 | 138.89 | OK | |
r-release-macos-arm64 | 3.0 | 54.00 | OK | |||
r-release-macos-x86_64 | 3.0 | 112.00 | OK | |||
r-release-windows-x86_64 | 3.0 | 29.00 | 110.00 | 139.00 | OK | |
r-oldrel-macos-arm64 | 3.0 | 55.00 | OK | |||
r-oldrel-macos-x86_64 | 3.0 | 80.00 | OK | |||
r-oldrel-windows-x86_64 | 3.0 | 39.00 | 146.00 | 185.00 | OK |
Version: 3.0
Check: examples
Result: NOTE
Examples with CPU (user + system) or elapsed time > 5s
user system elapsed
Nstar 5.059 0.139 6.24
Flavor: r-devel-linux-x86_64-debian-clang
Version: 3.0
Check: dependencies in R code
Result: NOTE
Namespaces in Imports field not imported from:
‘datasets’ ‘grDevices’ ‘graphics’ ‘iterators’ ‘methods’
All declared Imports should be used.
Flavors: r-devel-linux-x86_64-fedora-clang, r-devel-linux-x86_64-fedora-gcc