Last updated on 2025-11-02 03:51:45 CET.
| Flavor | Version | Tinstall | Tcheck | Ttotal | Status | Flags |
|---|---|---|---|---|---|---|
| r-devel-linux-x86_64-debian-clang | 0.1.6 | 116.24 | 88.59 | 204.83 | OK | |
| r-devel-linux-x86_64-debian-gcc | 0.1.6 | 91.56 | 57.78 | 149.34 | OK | |
| r-devel-linux-x86_64-fedora-clang | 0.1.6 | 202.00 | 110.66 | 312.66 | OK | |
| r-devel-linux-x86_64-fedora-gcc | 0.1.6 | 168.00 | 196.53 | 364.53 | OK | |
| r-devel-windows-x86_64 | 0.1.6 | 126.00 | 171.00 | 297.00 | OK | |
| r-patched-linux-x86_64 | 0.1.6 | 128.62 | 80.64 | 209.26 | OK | |
| r-release-linux-x86_64 | 0.1.6 | 124.99 | 75.43 | 200.42 | OK | |
| r-release-macos-arm64 | 0.1.6 | 48.00 | 29.00 | 77.00 | OK | |
| r-release-macos-x86_64 | 0.1.6 | 137.00 | 95.00 | 232.00 | OK | |
| r-release-windows-x86_64 | 0.1.6 | 127.00 | 134.00 | 261.00 | OK | |
| r-oldrel-macos-arm64 | 0.1.6 | 45.00 | 33.00 | 78.00 | NOTE | |
| r-oldrel-macos-x86_64 | 0.1.6 | 139.00 | 94.00 | 233.00 | NOTE | |
| r-oldrel-windows-x86_64 | 0.1.6 | 103.00 | 173.00 | 276.00 | OK |
Version: 0.1.6
Check: installed package size
Result: NOTE
installed size is 18.2Mb
sub-directories of 1Mb or more:
libs 17.0Mb
Flavors: r-oldrel-macos-arm64, r-oldrel-macos-x86_64