Last updated on 2025-04-30 04:50:12 CEST.
Flavor | Version | Tinstall | Tcheck | Ttotal | Status | Flags |
---|---|---|---|---|---|---|
r-devel-linux-x86_64-debian-clang | 1.4.8 | 66.83 | 80.73 | 147.56 | NOTE | |
r-devel-linux-x86_64-debian-gcc | 1.4.8 | 49.85 | 59.34 | 109.19 | NOTE | |
r-devel-linux-x86_64-fedora-clang | 1.4.8 | 233.39 | OK | |||
r-devel-linux-x86_64-fedora-gcc | 1.4.8 | 238.78 | OK | |||
r-devel-windows-x86_64 | 1.4.8 | 72.00 | 88.00 | 160.00 | OK | |
r-patched-linux-x86_64 | 1.4.8 | 72.23 | 83.66 | 155.89 | OK | |
r-release-linux-x86_64 | 1.4.8 | 68.47 | 78.58 | 147.05 | OK | |
r-release-macos-arm64 | 1.4.8 | 104.00 | OK | |||
r-release-macos-x86_64 | 1.4.8 | 163.00 | OK | |||
r-release-windows-x86_64 | 1.4.8 | 71.00 | 90.00 | 161.00 | OK | |
r-oldrel-macos-arm64 | 1.4.8 | 81.00 | OK | |||
r-oldrel-macos-x86_64 | 1.4.8 | 112.00 | OK | |||
r-oldrel-windows-x86_64 | 1.4.8 | 77.00 | 102.00 | 179.00 | OK |
Version: 1.4.8
Check: CRAN incoming feasibility
Result: NOTE
Maintainer: ‘Yonghui Dong <yonghui.dong@gmail.com>’
No Authors@R field in DESCRIPTION.
Please add one, modifying
Authors@R: person(given = "Yonghui",
family = "Dong",
role = c("aut", "cre"),
email = "yonghui.dong@gmail.com")
as necessary.
The BugReports field in DESCRIPTION has
https://github.com/YonghuiDong/MSbox/issues/new
which should likely be
https://github.com/YonghuiDong/MSbox/issues/new/issues
instead.
Flavors: r-devel-linux-x86_64-debian-clang, r-devel-linux-x86_64-debian-gcc
Version: 1.4.8
Check: examples
Result: NOTE
Examples with CPU (user + system) or elapsed time > 5s
user system elapsed
E_iso 4.377 0.932 5.956
Flavor: r-devel-linux-x86_64-debian-clang