Last updated on 2025-04-30 04:50:12 CEST.
Flavor | Version | Tinstall | Tcheck | Ttotal | Status | Flags |
---|---|---|---|---|---|---|
r-devel-linux-x86_64-debian-clang | 1.3.7 | 17.09 | 283.43 | 300.52 | NOTE | |
r-devel-linux-x86_64-debian-gcc | 1.3.7 | 11.47 | 195.29 | 206.76 | OK | |
r-devel-linux-x86_64-fedora-clang | 1.3.7 | 437.00 | NOTE | |||
r-devel-linux-x86_64-fedora-gcc | 1.3.7 | 431.39 | NOTE | |||
r-devel-windows-x86_64 | 1.3.7 | 17.00 | 224.00 | 241.00 | OK | |
r-patched-linux-x86_64 | 1.3.7 | 15.29 | 257.70 | 272.99 | OK | |
r-release-linux-x86_64 | 1.3.7 | 15.58 | 261.04 | 276.62 | OK | |
r-release-macos-arm64 | 1.3.7 | 131.00 | OK | |||
r-release-macos-x86_64 | 1.3.7 | 227.00 | OK | |||
r-release-windows-x86_64 | 1.3.7 | 18.00 | 221.00 | 239.00 | OK | |
r-oldrel-macos-arm64 | 1.3.7 | 102.00 | OK | |||
r-oldrel-macos-x86_64 | 1.3.7 | 148.00 | OK | |||
r-oldrel-windows-x86_64 | 1.3.7 | 22.00 | 296.00 | 318.00 | OK |
Version: 1.3.7
Check: examples
Result: NOTE
Examples with CPU (user + system) or elapsed time > 5s
user system elapsed
simpsonCoefficient 4.430 0.001 6.256
Weighted.matrixModel 3.964 0.256 5.385
Flavor: r-devel-linux-x86_64-debian-clang
Version: 1.3.7
Check: dependencies in R code
Result: NOTE
Namespace in Imports field not imported from: ‘ranger’
All declared Imports should be used.
Flavors: r-devel-linux-x86_64-fedora-clang, r-devel-linux-x86_64-fedora-gcc