Last updated on 2025-04-30 04:50:12 CEST.
Flavor | Version | Tinstall | Tcheck | Ttotal | Status | Flags |
---|---|---|---|---|---|---|
r-devel-linux-x86_64-debian-clang | 2.0.0 | 35.82 | 135.77 | 171.59 | NOTE | |
r-devel-linux-x86_64-debian-gcc | 2.0.0 | 20.75 | 88.25 | 109.00 | NOTE | |
r-devel-linux-x86_64-fedora-clang | 2.0.0 | 252.24 | OK | |||
r-devel-linux-x86_64-fedora-gcc | 2.0.0 | 246.91 | OK | |||
r-devel-windows-x86_64 | 2.0.0 | 38.00 | 151.00 | 189.00 | OK | |
r-patched-linux-x86_64 | 2.0.0 | 31.94 | 121.46 | 153.40 | OK | |
r-release-linux-x86_64 | 2.0.0 | 31.58 | 122.29 | 153.87 | OK | |
r-release-macos-arm64 | 2.0.0 | 72.00 | OK | |||
r-release-macos-x86_64 | 2.0.0 | 89.00 | OK | |||
r-release-windows-x86_64 | 2.0.0 | 37.00 | 154.00 | 191.00 | OK | |
r-oldrel-macos-arm64 | 2.0.0 | 72.00 | OK | |||
r-oldrel-macos-x86_64 | 2.0.0 | 99.00 | OK | |||
r-oldrel-windows-x86_64 | 2.0.0 | 39.00 | 196.00 | 235.00 | OK |
Version: 2.0.0
Check: examples
Result: NOTE
Examples with CPU (user + system) or elapsed time > 5s
user system elapsed
fitMSmix 8.651 0.102 9.394
bootstrapMSmix 5.980 0.151 7.778
plot.dist 4.198 0.288 5.802
Flavor: r-devel-linux-x86_64-debian-clang
Version: 2.0.0
Check: examples
Result: NOTE
Examples with CPU (user + system) or elapsed time > 5s
user system elapsed
fitMSmix 6.256 0.064 6.426
Flavor: r-devel-linux-x86_64-debian-gcc