CRAN Package Check Results for Package MTAFT

Last updated on 2025-04-30 04:50:12 CEST.

Flavor Version Tinstall Tcheck Ttotal Status Flags
r-devel-linux-x86_64-debian-clang 0.1.0 8.48 59.18 67.66 NOTE
r-devel-linux-x86_64-debian-gcc 0.1.0 5.76 43.45 49.21 NOTE
r-devel-linux-x86_64-fedora-clang 0.1.0 100.23 OK
r-devel-linux-x86_64-fedora-gcc 0.1.0 101.23 OK
r-devel-windows-x86_64 0.1.0 8.00 73.00 81.00 NOTE
r-patched-linux-x86_64 0.1.0 8.73 54.99 63.72 NOTE
r-release-linux-x86_64 0.1.0 8.02 55.18 63.20 NOTE
r-release-macos-arm64 0.1.0 35.00 OK
r-release-macos-x86_64 0.1.0 57.00 OK
r-release-windows-x86_64 0.1.0 8.00 77.00 85.00 NOTE
r-oldrel-macos-arm64 0.1.0 31.00 OK
r-oldrel-macos-x86_64 0.1.0 48.00 OK
r-oldrel-windows-x86_64 0.1.0 10.00 81.00 91.00 OK

Check Details

Version: 0.1.0
Check: Rd cross-references
Result: NOTE Found the following Rd file(s) with Rd \link{} targets missing package anchors: TSMCP.Rd: grpreg Please provide package anchors for all Rd \link{} targets not in the package itself and the base packages. Flavors: r-devel-linux-x86_64-debian-clang, r-devel-linux-x86_64-debian-gcc, r-devel-windows-x86_64, r-patched-linux-x86_64, r-release-linux-x86_64, r-release-windows-x86_64