CRAN Package Check Results for Package MTAR

Last updated on 2025-04-30 04:50:12 CEST.

Flavor Version Tinstall Tcheck Ttotal Status Flags
r-devel-linux-x86_64-debian-clang 0.1.1 8.43 70.62 79.05 NOTE
r-devel-linux-x86_64-debian-gcc 0.1.1 5.68 53.87 59.55 OK
r-devel-linux-x86_64-fedora-clang 0.1.1 120.25 OK
r-devel-linux-x86_64-fedora-gcc 0.1.1 134.00 OK
r-devel-windows-x86_64 0.1.1 8.00 81.00 89.00 OK
r-patched-linux-x86_64 0.1.1 8.53 67.94 76.47 OK
r-release-linux-x86_64 0.1.1 8.12 68.24 76.36 OK
r-release-macos-arm64 0.1.1 59.00 OK
r-release-macos-x86_64 0.1.1 92.00 OK
r-release-windows-x86_64 0.1.1 9.00 86.00 95.00 OK
r-oldrel-macos-arm64 0.1.1 48.00 OK
r-oldrel-macos-x86_64 0.1.1 72.00 OK
r-oldrel-windows-x86_64 0.1.1 11.00 94.00 105.00 OK

Check Details

Version: 0.1.1
Check: examples
Result: NOTE Examples with CPU (user + system) or elapsed time > 5s user system elapsed MTAR 3.768 0.044 5.186 Flavor: r-devel-linux-x86_64-debian-clang