Last updated on 2025-11-04 03:50:58 CET.
| Flavor | Version | Tinstall | Tcheck | Ttotal | Status | Flags | 
|---|---|---|---|---|---|---|
| r-devel-linux-x86_64-debian-clang | 0.2.1 | 24.25 | 67.31 | 91.56 | NOTE | |
| r-devel-linux-x86_64-debian-gcc | 0.2.1 | 16.82 | 49.59 | 66.41 | NOTE | |
| r-devel-linux-x86_64-fedora-clang | 0.2.1 | 70.00 | 79.72 | 149.72 | OK | |
| r-devel-linux-x86_64-fedora-gcc | 0.2.1 | 58.00 | 96.90 | 154.90 | OK | |
| r-devel-windows-x86_64 | 0.2.1 | 29.00 | 91.00 | 120.00 | OK | |
| r-patched-linux-x86_64 | 0.2.1 | 25.25 | 62.38 | 87.63 | OK | |
| r-release-linux-x86_64 | 0.2.1 | 23.07 | 62.78 | 85.85 | OK | |
| r-release-macos-arm64 | 0.2.1 | 11.00 | 39.00 | 50.00 | OK | |
| r-release-macos-x86_64 | 0.2.1 | 16.00 | 67.00 | 83.00 | OK | |
| r-release-windows-x86_64 | 0.2.1 | 28.00 | 87.00 | 115.00 | OK | |
| r-oldrel-macos-arm64 | 0.2.1 | 10.00 | 37.00 | 47.00 | NOTE | |
| r-oldrel-macos-x86_64 | 0.2.1 | 13.00 | 66.00 | 79.00 | NOTE | |
| r-oldrel-windows-x86_64 | 0.2.1 | 33.00 | 118.00 | 151.00 | NOTE | 
Version: 0.2.1
Check: CRAN incoming feasibility
Result: NOTE
  Maintainer: ‘Humza Haider <hshaider@ualberta.ca>’
  
  No Authors@R field in DESCRIPTION.
  Please add one, modifying
    Authors@R: person(given = "Humza",
                      family = "Haider",
                      role = c("aut", "cre"),
                      email = "hshaider@ualberta.ca")
  as necessary.
Flavors: r-devel-linux-x86_64-debian-clang, r-devel-linux-x86_64-debian-gcc
Version: 0.2.1
Check: LazyData
Result: NOTE
    'LazyData' is specified without a 'data' directory
Flavors: r-oldrel-macos-arm64, r-oldrel-macos-x86_64, r-oldrel-windows-x86_64