CRAN Package Check Results for Package MTLR

Last updated on 2025-04-30 04:50:12 CEST.

Flavor Version Tinstall Tcheck Ttotal Status Flags
r-devel-linux-x86_64-debian-clang 0.2.1 22.12 60.54 82.66 NOTE
r-devel-linux-x86_64-debian-gcc 0.2.1 17.61 43.73 61.34 NOTE
r-devel-linux-x86_64-fedora-clang 0.2.1 138.23 OK
r-devel-linux-x86_64-fedora-gcc 0.2.1 147.84 OK
r-devel-windows-x86_64 0.2.1 29.00 90.00 119.00 OK
r-patched-linux-x86_64 0.2.1 24.91 56.78 81.69 OK
r-release-linux-x86_64 0.2.1 24.53 55.81 80.34 OK
r-release-macos-arm64 0.2.1 50.00 OK
r-release-macos-x86_64 0.2.1 83.00 OK
r-release-windows-x86_64 0.2.1 30.00 88.00 118.00 OK
r-oldrel-macos-arm64 0.2.1 47.00 NOTE
r-oldrel-macos-x86_64 0.2.1 79.00 NOTE
r-oldrel-windows-x86_64 0.2.1 33.00 114.00 147.00 NOTE

Check Details

Version: 0.2.1
Check: CRAN incoming feasibility
Result: NOTE Maintainer: ‘Humza Haider <hshaider@ualberta.ca>’ No Authors@R field in DESCRIPTION. Please add one, modifying Authors@R: person(given = "Humza", family = "Haider", role = c("aut", "cre"), email = "hshaider@ualberta.ca") as necessary. Flavors: r-devel-linux-x86_64-debian-clang, r-devel-linux-x86_64-debian-gcc

Version: 0.2.1
Check: LazyData
Result: NOTE 'LazyData' is specified without a 'data' directory Flavors: r-oldrel-macos-arm64, r-oldrel-macos-x86_64, r-oldrel-windows-x86_64