Last updated on 2025-04-30 04:50:12 CEST.
Flavor | Version | Tinstall | Tcheck | Ttotal | Status | Flags |
---|---|---|---|---|---|---|
r-devel-linux-x86_64-debian-clang | 1.0.2 | 7.45 | 89.59 | 97.04 | NOTE | |
r-devel-linux-x86_64-debian-gcc | 1.0.2 | 5.72 | 65.70 | 71.42 | OK | |
r-devel-linux-x86_64-fedora-clang | 1.0.2 | 150.39 | OK | |||
r-devel-linux-x86_64-fedora-gcc | 1.0.2 | 160.12 | OK | |||
r-devel-windows-x86_64 | 1.0.2 | 9.00 | 100.00 | 109.00 | OK | |
r-patched-linux-x86_64 | 1.0.2 | 7.63 | 85.32 | 92.95 | OK | |
r-release-linux-x86_64 | 1.0.2 | 7.95 | 84.53 | 92.48 | OK | |
r-release-macos-arm64 | 1.0.2 | 57.00 | OK | |||
r-release-macos-x86_64 | 1.0.2 | 119.00 | OK | |||
r-release-windows-x86_64 | 1.0.2 | 9.00 | 99.00 | 108.00 | OK | |
r-oldrel-macos-arm64 | 1.0.2 | 51.00 | OK | |||
r-oldrel-macos-x86_64 | 1.0.2 | 84.00 | OK | |||
r-oldrel-windows-x86_64 | 1.0.2 | 10.00 | 123.00 | 133.00 | OK |
Version: 1.0.2
Check: examples
Result: NOTE
Examples with CPU (user + system) or elapsed time > 5s
user system elapsed
revisedStacking 4.122 0.019 5.656
Flavor: r-devel-linux-x86_64-debian-clang