Last updated on 2025-04-30 04:50:12 CEST.
Flavor | Version | Tinstall | Tcheck | Ttotal | Status | Flags |
---|---|---|---|---|---|---|
r-devel-linux-x86_64-debian-clang | 0.1.0 | 6.08 | 80.68 | 86.76 | NOTE | |
r-devel-linux-x86_64-debian-gcc | 0.1.0 | 4.33 | 52.88 | 57.21 | OK | |
r-devel-linux-x86_64-fedora-clang | 0.1.0 | 129.35 | OK | |||
r-devel-linux-x86_64-fedora-gcc | 0.1.0 | 118.52 | OK | |||
r-devel-windows-x86_64 | 0.1.0 | 7.00 | 88.00 | 95.00 | OK | |
r-patched-linux-x86_64 | 0.1.0 | 5.41 | 74.97 | 80.38 | OK | |
r-release-linux-x86_64 | 0.1.0 | 5.22 | 74.04 | 79.26 | OK | |
r-release-macos-arm64 | 0.1.0 | 55.00 | OK | |||
r-release-macos-x86_64 | 0.1.0 | 67.00 | OK | |||
r-release-windows-x86_64 | 0.1.0 | 7.00 | 88.00 | 95.00 | OK | |
r-oldrel-macos-arm64 | 0.1.0 | 37.00 | OK | |||
r-oldrel-macos-x86_64 | 0.1.0 | 100.00 | OK | |||
r-oldrel-windows-x86_64 | 0.1.0 | 9.00 | 113.00 | 122.00 | OK |
Version: 0.1.0
Check: examples
Result: NOTE
Examples with CPU (user + system) or elapsed time > 5s
user system elapsed
mardiatest 5.036 0.113 5.708
HT2test 4.056 0.192 6.141
outlier 3.735 0.008 5.168
Flavor: r-devel-linux-x86_64-debian-clang