Last updated on 2025-04-30 04:50:12 CEST.
Flavor | Version | Tinstall | Tcheck | Ttotal | Status | Flags |
---|---|---|---|---|---|---|
r-devel-linux-x86_64-debian-clang | 0.0.8-11 | 1.62 | 44.36 | 45.98 | NOTE | |
r-devel-linux-x86_64-debian-gcc | 0.0.8-11 | 2.03 | 29.04 | 31.07 | NOTE | |
r-devel-linux-x86_64-fedora-clang | 0.0.8-11 | 73.51 | OK | |||
r-devel-linux-x86_64-fedora-gcc | 0.0.8-11 | 70.36 | OK | |||
r-devel-windows-x86_64 | 0.0.8-11 | 4.00 | 60.00 | 64.00 | OK | |
r-patched-linux-x86_64 | 0.0.8-11 | 2.65 | 41.46 | 44.11 | OK | |
r-release-linux-x86_64 | 0.0.8-11 | 2.39 | 41.34 | 43.73 | OK | |
r-release-macos-arm64 | 0.0.8-11 | 23.00 | OK | |||
r-release-macos-x86_64 | 0.0.8-11 | 46.00 | OK | |||
r-release-windows-x86_64 | 0.0.8-11 | 3.00 | 63.00 | 66.00 | OK | |
r-oldrel-macos-arm64 | 0.0.8-11 | 21.00 | OK | |||
r-oldrel-macos-x86_64 | 0.0.8-11 | 33.00 | OK | |||
r-oldrel-windows-x86_64 | 0.0.8-11 | 4.00 | 71.00 | 75.00 | OK |
Version: 0.0.8-11
Check: CRAN incoming feasibility
Result: NOTE
Maintainer: ‘ZHANG Chen <447974102@qq.com>’
No Authors@R field in DESCRIPTION.
Please add one, modifying
Authors@R: person(given = "ZHANG",
family = "Chen",
role = c("aut", "cre"),
email = "447974102@qq.com")
as necessary.
Flavors: r-devel-linux-x86_64-debian-clang, r-devel-linux-x86_64-debian-gcc
Version: 0.0.8-11
Check: examples
Result: NOTE
Examples with CPU (user + system) or elapsed time > 5s
user system elapsed
MVNBayesian-package 5.079 0.101 6.811
MVN_MCMC 4.303 0.008 5.361
Flavor: r-devel-linux-x86_64-debian-clang