Last updated on 2025-04-30 04:50:12 CEST.
Flavor | Version | Tinstall | Tcheck | Ttotal | Status | Flags |
---|---|---|---|---|---|---|
r-devel-linux-x86_64-debian-clang | 1.2-1 | 6.78 | 61.01 | 67.79 | NOTE | |
r-devel-linux-x86_64-debian-gcc | 1.2-1 | 4.80 | 45.40 | 50.20 | OK | |
r-devel-linux-x86_64-fedora-clang | 1.2-1 | 105.39 | OK | |||
r-devel-linux-x86_64-fedora-gcc | 1.2-1 | 101.04 | OK | |||
r-devel-windows-x86_64 | 1.2-1 | 8.00 | 72.00 | 80.00 | OK | |
r-patched-linux-x86_64 | 1.2-1 | 6.86 | 58.27 | 65.13 | OK | |
r-release-linux-x86_64 | 1.2-1 | 7.46 | 57.83 | 65.29 | OK | |
r-release-macos-arm64 | 1.2-1 | 36.00 | OK | |||
r-release-macos-x86_64 | 1.2-1 | 65.00 | OK | |||
r-release-windows-x86_64 | 1.2-1 | 7.00 | 72.00 | 79.00 | OK | |
r-oldrel-macos-arm64 | 1.2-1 | 32.00 | OK | |||
r-oldrel-macos-x86_64 | 1.2-1 | 51.00 | OK | |||
r-oldrel-windows-x86_64 | 1.2-1 | 9.00 | 89.00 | 98.00 | OK |
Version: 1.2-1
Check: examples
Result: NOTE
Examples with CPU (user + system) or elapsed time > 5s
user system elapsed
MVPBT3 5.162 0.015 6.976
Flavor: r-devel-linux-x86_64-debian-clang