Last updated on 2025-04-30 04:50:12 CEST.
Flavor | Version | Tinstall | Tcheck | Ttotal | Status | Flags |
---|---|---|---|---|---|---|
r-devel-linux-x86_64-debian-clang | 2.2.2 | 3.94 | 57.34 | 61.28 | NOTE | |
r-devel-linux-x86_64-debian-gcc | 2.2.2 | 2.74 | 37.98 | 40.72 | NOTE | |
r-devel-linux-x86_64-fedora-clang | 2.2.2 | 95.47 | OK | |||
r-devel-linux-x86_64-fedora-gcc | 2.2.2 | 93.10 | OK | |||
r-devel-windows-x86_64 | 2.2.2 | 5.00 | 70.00 | 75.00 | OK | |
r-patched-linux-x86_64 | 2.2.2 | 3.74 | 54.56 | 58.30 | OK | |
r-release-linux-x86_64 | 2.2.2 | 3.11 | 54.01 | 57.12 | OK | |
r-release-macos-arm64 | 2.2.2 | 31.00 | OK | |||
r-release-macos-x86_64 | 2.2.2 | 53.00 | OK | |||
r-release-windows-x86_64 | 2.2.2 | 6.00 | 75.00 | 81.00 | OK | |
r-oldrel-macos-arm64 | 2.2.2 | 27.00 | OK | |||
r-oldrel-macos-x86_64 | 2.2.2 | 46.00 | OK | |||
r-oldrel-windows-x86_64 | 2.2.2 | 6.00 | 87.00 | 93.00 | OK |
Version: 2.2.2
Check: CRAN incoming feasibility
Result: NOTE
Maintainer: ‘Hasan BULUT <hasan.bulut@omu.edu.tr>’
No Authors@R field in DESCRIPTION.
Please add one, modifying
Authors@R: person(given = "Hasan",
family = "BULUT",
role = c("aut", "cre"),
email = "hasan.bulut@omu.edu.tr")
as necessary.
Flavors: r-devel-linux-x86_64-debian-clang, r-devel-linux-x86_64-debian-gcc
Version: 2.2.2
Check: examples
Result: NOTE
Examples with CPU (user + system) or elapsed time > 5s
user system elapsed
RperT2 11.503 0.039 15.349
RobCat 10.633 0.005 13.718
Flavor: r-devel-linux-x86_64-debian-clang
Version: 2.2.2
Check: examples
Result: NOTE
Examples with CPU (user + system) or elapsed time > 5s
user system elapsed
RperT2 6.187 0.011 7.734
RobCat 5.485 0.004 6.852
Flavor: r-devel-linux-x86_64-debian-gcc